Last updated on 2025-05-09 01:50:23 CEST.
Flavor | Version | Tinstall | Tcheck | Ttotal | Status | Flags |
---|---|---|---|---|---|---|
r-devel-linux-x86_64-debian-clang | 1.0.1 | 15.16 | 175.87 | 191.03 | OK | |
r-devel-linux-x86_64-debian-gcc | 1.0.1 | 10.16 | 129.89 | 140.05 | OK | |
r-devel-linux-x86_64-fedora-clang | 1.0.1 | 301.26 | NOTE | |||
r-devel-linux-x86_64-fedora-gcc | 1.0.1 | 310.40 | NOTE | |||
r-devel-windows-x86_64 | 1.0.1 | 15.00 | 175.00 | 190.00 | OK | |
r-patched-linux-x86_64 | 1.0.1 | 13.85 | 172.56 | 186.41 | OK | |
r-release-linux-x86_64 | 1.0.1 | 14.62 | 173.54 | 188.16 | OK | |
r-release-macos-arm64 | 1.0.1 | 97.00 | OK | |||
r-release-macos-x86_64 | 1.0.1 | 205.00 | OK | |||
r-release-windows-x86_64 | 1.0.1 | 15.00 | 180.00 | 195.00 | OK | |
r-oldrel-macos-arm64 | 1.0.1 | 100.00 | OK | |||
r-oldrel-macos-x86_64 | 1.0.1 | 175.00 | OK | |||
r-oldrel-windows-x86_64 | 1.0.1 | 21.00 | 236.00 | 257.00 | OK |
Version: 1.0.1
Check: dependencies in R code
Result: NOTE
Namespace in Imports field not imported from: ‘dplyr’
All declared Imports should be used.
Flavors: r-devel-linux-x86_64-fedora-clang, r-devel-linux-x86_64-fedora-gcc