CRAN Package Check Results for Package acroname

Last updated on 2025-02-20 01:50:26 CET.

Flavor Version Tinstall Tcheck Ttotal Status Flags
r-devel-linux-x86_64-debian-clang 0.1.0 1.94 20.90 22.84 OK
r-devel-linux-x86_64-debian-gcc 0.1.0 1.44 16.83 18.27 OK
r-devel-linux-x86_64-fedora-clang 0.1.0 35.75 NOTE
r-devel-linux-x86_64-fedora-gcc 0.1.0 36.29 NOTE
r-devel-macos-arm64 0.1.0 19.00 OK
r-devel-macos-x86_64 0.1.0 28.00 OK
r-devel-windows-x86_64 0.1.0 4.00 48.00 52.00 OK
r-patched-linux-x86_64 0.1.0 1.52 20.10 21.62 NOTE
r-release-linux-x86_64 0.1.0 1.85 20.01 21.86 NOTE
r-release-macos-arm64 0.1.0 17.00 NOTE
r-release-macos-x86_64 0.1.0 24.00 NOTE
r-release-windows-x86_64 0.1.0 4.00 3.00 7.00 FAIL
r-oldrel-macos-arm64 0.1.0 19.00 NOTE
r-oldrel-macos-x86_64 0.1.0 22.00 NOTE
r-oldrel-windows-x86_64 0.1.0 3.00 74.00 77.00 NOTE

Check Details

Version: 0.1.0
Check: dependencies in R code
Result: NOTE Namespace in Imports field not imported from: ‘hunspell’ All declared Imports should be used. Flavors: r-devel-linux-x86_64-fedora-clang, r-devel-linux-x86_64-fedora-gcc

Version: 0.1.0
Check: LazyData
Result: NOTE 'LazyData' is specified without a 'data' directory Flavors: r-patched-linux-x86_64, r-release-linux-x86_64, r-release-macos-arm64, r-release-macos-x86_64, r-oldrel-macos-arm64, r-oldrel-macos-x86_64, r-oldrel-windows-x86_64

Version: 0.1.0
Check: package dependencies
Result: NOTE Package suggested but not available for checking: ‘testthat’ Flavor: r-release-macos-x86_64

Version: 0.1.0
Check: package dependencies
Result: FAIL
Flavor: r-release-windows-x86_64