Last updated on 2025-05-01 01:49:24 CEST.
Flavor | Version | Tinstall | Tcheck | Ttotal | Status | Flags |
---|---|---|---|---|---|---|
r-devel-linux-x86_64-debian-clang | 0.1.5 | 15.59 | 121.82 | 137.41 | NOTE | |
r-devel-linux-x86_64-debian-gcc | 0.1.5 | 9.98 | 88.95 | 98.93 | NOTE | |
r-devel-linux-x86_64-fedora-clang | 0.1.5 | 201.83 | OK | |||
r-devel-linux-x86_64-fedora-gcc | 0.1.5 | 262.82 | OK | |||
r-devel-windows-x86_64 | 0.1.5 | 16.00 | 130.00 | 146.00 | NOTE | |
r-patched-linux-x86_64 | 0.1.5 | 14.39 | 115.04 | 129.43 | NOTE | |
r-release-linux-x86_64 | 0.1.5 | 11.69 | 114.85 | 126.54 | NOTE | |
r-release-macos-arm64 | 0.1.5 | 96.00 | OK | |||
r-release-macos-x86_64 | 0.1.5 | 185.00 | OK | |||
r-release-windows-x86_64 | 0.1.5 | 17.00 | 129.00 | 146.00 | NOTE | |
r-oldrel-macos-arm64 | 0.1.5 | 82.00 | OK | |||
r-oldrel-macos-x86_64 | 0.1.5 | 126.00 | OK | |||
r-oldrel-windows-x86_64 | 0.1.5 | 19.00 | 168.00 | 187.00 | OK |
Version: 0.1.5
Check: Rd cross-references
Result: NOTE
Found the following Rd file(s) with Rd \link{} targets missing package
anchors:
adjustIntercept.Rd: cpglm, cpglmm, data.table
findbars.Rd: mkRespMod, mkReTrms, nlformula, subbars
plotRE.Rd: ggplot2, ggplot
weights-actuaRE.Rd: cpglm
Please provide package anchors for all Rd \link{} targets not in the
package itself and the base packages.
Flavors: r-devel-linux-x86_64-debian-clang, r-devel-linux-x86_64-debian-gcc, r-devel-windows-x86_64, r-patched-linux-x86_64, r-release-linux-x86_64, r-release-windows-x86_64