Last updated on 2025-02-20 01:50:26 CET.
Flavor | Version | Tinstall | Tcheck | Ttotal | Status | Flags |
---|---|---|---|---|---|---|
r-devel-linux-x86_64-debian-clang | 1.1.1 | 2.58 | 28.95 | 31.53 | OK | |
r-devel-linux-x86_64-debian-gcc | 1.1.1 | 1.93 | 22.50 | 24.43 | OK | |
r-devel-linux-x86_64-fedora-clang | 1.1.1 | 50.53 | OK | |||
r-devel-linux-x86_64-fedora-gcc | 1.1.1 | 65.57 | OK | |||
r-devel-macos-arm64 | 1.1.1 | 32.00 | OK | |||
r-devel-macos-x86_64 | 1.1.1 | 51.00 | OK | |||
r-devel-windows-x86_64 | 1.1.1 | 4.00 | 53.00 | 57.00 | OK | |
r-patched-linux-x86_64 | 1.1.1 | 2.78 | 27.82 | 30.60 | NOTE | |
r-release-linux-x86_64 | 1.1.1 | 2.18 | 27.35 | 29.53 | NOTE | |
r-release-macos-arm64 | 1.1.1 | 26.00 | NOTE | |||
r-release-macos-x86_64 | 1.1.1 | 44.00 | NOTE | |||
r-release-windows-x86_64 | 1.1.1 | 4.00 | 53.00 | 57.00 | NOTE | |
r-oldrel-macos-arm64 | 1.1.1 | 26.00 | NOTE | |||
r-oldrel-macos-x86_64 | 1.1.1 | 36.00 | NOTE | |||
r-oldrel-windows-x86_64 | 1.1.1 | 5.00 | 58.00 | 63.00 | NOTE |
Version: 1.1.1
Check: LazyData
Result: NOTE
'LazyData' is specified without a 'data' directory
Flavors: r-patched-linux-x86_64, r-release-linux-x86_64, r-release-macos-arm64, r-release-macos-x86_64, r-release-windows-x86_64, r-oldrel-macos-arm64, r-oldrel-macos-x86_64, r-oldrel-windows-x86_64