CRAN Package Check Results for Package additivityTests

Last updated on 2025-11-28 02:50:24 CET.

Flavor Version Tinstall Tcheck Ttotal Status Flags
r-devel-linux-x86_64-debian-clang 1.1-4.2 1.80 29.69 31.49 NOTE
r-devel-linux-x86_64-debian-gcc 1.1-4.2 1.49 23.51 25.00 NOTE
r-devel-linux-x86_64-fedora-clang 1.1-4.2 46.05 OK
r-devel-linux-x86_64-fedora-gcc 1.1-4.2 71.30 OK
r-devel-windows-x86_64 1.1-4.2 4.00 46.00 50.00 OK
r-patched-linux-x86_64 1.1-4.2 1.63 26.66 28.29 OK
r-release-linux-x86_64 1.1-4.2 1.73 26.29 28.02 OK
r-release-macos-arm64 1.1-4.2 OK
r-release-macos-x86_64 1.1-4.2 2.00 49.00 51.00 OK
r-release-windows-x86_64 1.1-4.2 3.00 60.00 63.00 OK
r-oldrel-macos-arm64 1.1-4.2 OK
r-oldrel-macos-x86_64 1.1-4.2 2.00 36.00 38.00 OK
r-oldrel-windows-x86_64 1.1-4.2 4.00 54.00 58.00 OK

Check Details

Version: 1.1-4.2
Check: CRAN incoming feasibility
Result: NOTE Maintainer: ‘Petr Simecek <simecek@gmail.com>’ No Authors@R field in DESCRIPTION. Please add one, modifying Authors@R: c(person(given = "Marie", family = "Simeckova", role = "aut"), person(given = "Thomas", family = "Rusch", role = "aut"), person(given = "Petr", family = "Simecek", role = "cre", email = "simecek@gmail.com")) as necessary. Flavors: r-devel-linux-x86_64-debian-clang, r-devel-linux-x86_64-debian-gcc