Last updated on 2025-02-05 02:48:43 CET.
Flavor | Version | Tinstall | Tcheck | Ttotal | Status | Flags |
---|---|---|---|---|---|---|
r-devel-linux-x86_64-debian-clang | 0.1.0 | 1.88 | 20.99 | 22.87 | OK | |
r-devel-linux-x86_64-debian-gcc | 0.1.0 | 1.57 | 17.46 | 19.03 | OK | |
r-devel-linux-x86_64-fedora-clang | 0.1.0 | 38.21 | NOTE | |||
r-devel-linux-x86_64-fedora-gcc | 0.1.0 | 51.81 | NOTE | |||
r-devel-windows-x86_64 | 0.1.0 | 3.00 | 45.00 | 48.00 | OK | |
r-patched-linux-x86_64 | 0.1.0 | 1.94 | 20.28 | 22.22 | NOTE | |
r-release-linux-x86_64 | 0.1.0 | 1.80 | 20.09 | 21.89 | NOTE | |
r-release-macos-arm64 | 0.1.0 | 22.00 | NOTE | |||
r-release-macos-x86_64 | 0.1.0 | 32.00 | NOTE | |||
r-release-windows-x86_64 | 0.1.0 | 3.00 | 44.00 | 47.00 | NOTE | |
r-oldrel-macos-arm64 | 0.1.0 | 23.00 | NOTE | |||
r-oldrel-macos-x86_64 | 0.1.0 | 30.00 | NOTE | |||
r-oldrel-windows-x86_64 | 0.1.0 | 3.00 | 44.00 | 47.00 | NOTE |
Version: 0.1.0
Check: dependencies in R code
Result: NOTE
Namespace in Imports field not imported from: ‘Rdpack’
All declared Imports should be used.
Flavors: r-devel-linux-x86_64-fedora-clang, r-devel-linux-x86_64-fedora-gcc
Version: 0.1.0
Check: LazyData
Result: NOTE
'LazyData' is specified without a 'data' directory
Flavors: r-patched-linux-x86_64, r-release-linux-x86_64, r-release-macos-arm64, r-release-macos-x86_64, r-release-windows-x86_64, r-oldrel-macos-arm64, r-oldrel-macos-x86_64, r-oldrel-windows-x86_64