Last updated on 2025-02-20 01:50:26 CET.
Flavor | Version | Tinstall | Tcheck | Ttotal | Status | Flags |
---|---|---|---|---|---|---|
r-devel-linux-x86_64-debian-clang | 2.0.0 | 3.45 | 59.51 | 62.96 | OK | |
r-devel-linux-x86_64-debian-gcc | 2.0.0 | 2.42 | 40.00 | 42.42 | OK | |
r-devel-linux-x86_64-fedora-clang | 2.0.0 | 101.49 | OK | |||
r-devel-linux-x86_64-fedora-gcc | 2.0.0 | 97.76 | OK | |||
r-devel-macos-arm64 | 2.0.0 | 33.00 | OK | |||
r-devel-macos-x86_64 | 2.0.0 | 57.00 | OK | |||
r-devel-windows-x86_64 | 2.0.0 | 5.00 | 79.00 | 84.00 | OK | |
r-patched-linux-x86_64 | 2.0.0 | 3.10 | 55.70 | 58.80 | OK | |
r-release-linux-x86_64 | 2.0.0 | 3.41 | 55.33 | 58.74 | OK | |
r-release-macos-arm64 | 2.0.0 | 32.00 | OK | |||
r-release-macos-x86_64 | 2.0.0 | 84.00 | OK | |||
r-release-windows-x86_64 | 2.0.0 | 6.00 | 3.00 | 9.00 | FAIL | |
r-oldrel-macos-arm64 | 2.0.0 | 44.00 | OK | |||
r-oldrel-macos-x86_64 | 2.0.0 | 78.00 | OK | |||
r-oldrel-windows-x86_64 | 2.0.0 | 6.00 | 91.00 | 97.00 | OK |
Version: 2.0.0
Check: package dependencies
Result: FAIL
Flavor: r-release-windows-x86_64