Last updated on 2025-05-01 01:49:24 CEST.
Flavor | Version | Tinstall | Tcheck | Ttotal | Status | Flags |
---|---|---|---|---|---|---|
r-devel-linux-x86_64-debian-clang | 1.1.0 | 16.87 | 169.15 | 186.02 | NOTE | |
r-devel-linux-x86_64-debian-gcc | 1.1.0 | 11.19 | 109.93 | 121.12 | OK | |
r-devel-linux-x86_64-fedora-clang | 1.1.0 | 291.10 | OK | |||
r-devel-linux-x86_64-fedora-gcc | 1.1.0 | 269.20 | OK | |||
r-devel-windows-x86_64 | 1.1.0 | 16.00 | 177.00 | 193.00 | OK | |
r-patched-linux-x86_64 | 1.1.0 | 13.95 | 158.42 | 172.37 | OK | |
r-release-linux-x86_64 | 1.1.0 | 14.87 | 160.48 | 175.35 | OK | |
r-release-macos-arm64 | 1.1.0 | 70.00 | OK | |||
r-release-macos-x86_64 | 1.1.0 | 149.00 | OK | |||
r-release-windows-x86_64 | 1.1.0 | 17.00 | 179.00 | 196.00 | OK | |
r-oldrel-macos-arm64 | 1.1.0 | 61.00 | OK | |||
r-oldrel-macos-x86_64 | 1.1.0 | 102.00 | OK | |||
r-oldrel-windows-x86_64 | 1.1.0 | 22.00 | 217.00 | 239.00 | OK |
Version: 1.1.0
Check: examples
Result: NOTE
Examples with CPU (user + system) or elapsed time > 5s
user system elapsed
wbyscrku 13.905 0.059 18.024
rglwbysu 10.943 0.044 12.851
wbyAgmv 7.342 0.073 9.112
rglwbysm 5.528 0.051 6.864
aftbybmv 4.678 0.141 5.943
rglaft 4.424 0.001 5.451
Flavor: r-devel-linux-x86_64-debian-clang
Version: 1.1.0
Check: examples
Result: NA
user system elapsed
wbyscrku 7.216 0.054 9.038
rglwbysu 6.776 0.037 8.460
wbyAgmv 4.719 0.110 5.650
OK
Flavor: r-devel-linux-x86_64-debian-gcc