Last updated on 2025-11-16 01:49:08 CET.
| Flavor | Version | Tinstall | Tcheck | Ttotal | Status | Flags |
|---|---|---|---|---|---|---|
| r-devel-linux-x86_64-debian-clang | 1.0.0 | 14.48 | 239.29 | 253.77 | OK | |
| r-devel-linux-x86_64-debian-gcc | 1.0.0 | 8.52 | 157.61 | 166.13 | NOTE | |
| r-devel-linux-x86_64-fedora-clang | 1.0.0 | 34.00 | 361.01 | 395.01 | NOTE | |
| r-devel-linux-x86_64-fedora-gcc | 1.0.0 | 29.00 | 362.73 | 391.73 | NOTE | |
| r-devel-windows-x86_64 | 1.0.0 | 17.00 | 174.00 | 191.00 | OK | |
| r-patched-linux-x86_64 | 1.0.0 | 13.41 | 225.54 | 238.95 | OK | |
| r-release-linux-x86_64 | 1.0.0 | 11.95 | 226.20 | 238.15 | OK | |
| r-release-macos-arm64 | 1.0.0 | 6.00 | 78.00 | 84.00 | OK | |
| r-release-macos-x86_64 | 1.0.0 | 10.00 | 118.00 | 128.00 | OK | |
| r-release-windows-x86_64 | 1.0.0 | 16.00 | 171.00 | 187.00 | OK | |
| r-oldrel-macos-arm64 | 1.0.0 | 7.00 | 78.00 | 85.00 | OK | |
| r-oldrel-macos-x86_64 | 1.0.0 | 15.00 | 163.00 | 178.00 | OK | |
| r-oldrel-windows-x86_64 | 1.0.0 | 22.00 | 233.00 | 255.00 | OK |
Version: 1.0.0
Check: HTML version of manual
Result: NOTE
Found the following HTML validation problems:
aggreCAT.html:412:1 (BayesianWAgg.Rd:50): Warning: <script> anchor "MathJax-script" already defined
aggreCAT.html:539:1 (DistributionWAgg.Rd:40): Warning: <script> anchor "MathJax-script" already defined
aggreCAT.html:691:1 (ExtremisationWAgg.Rd:57): Warning: <script> anchor "MathJax-script" already defined
aggreCAT.html:790:1 (IntervalWAgg.Rd:47): Warning: <script> anchor "MathJax-script" already defined
aggreCAT.html:933:1 (LinearWAgg.Rd:49): Warning: <script> anchor "MathJax-script" already defined
aggreCAT.html:1067:1 (ReasoningWAgg.Rd:56): Warning: <script> anchor "MathJax-script" already defined
aggreCAT.html:1180:1 (ShiftingWAgg.Rd:40): Warning: <script> anchor "MathJax-script" already defined
aggreCAT.html:1906:1 (weight_asym.Rd:23): Warning: <script> anchor "MathJax-script" already defined
aggreCAT.html:1998:1 (weight_nIndivInterval.Rd:20): Warning: <script> anchor "MathJax-script" already defined
aggreCAT.html:2044:1 (weight_outlier.Rd:24): Warning: <script> anchor "MathJax-script" already defined
aggreCAT.html:2128:1 (weight_reason2.Rd:21): Warning: <script> anchor "MathJax-script" already defined
aggreCAT.html:2174:1 (weight_varIndivInterval.Rd:25): Warning: <script> anchor "MathJax-script" already defined
Flavor: r-devel-linux-x86_64-debian-gcc
Version: 1.0.0
Check: dependencies in R code
Result: NOTE
Namespace in Imports field not imported from: ‘mathjaxr’
All declared Imports should be used.
Flavors: r-devel-linux-x86_64-fedora-clang, r-devel-linux-x86_64-fedora-gcc