Last updated on 2025-02-05 02:48:43 CET.
Flavor | Version | Tinstall | Tcheck | Ttotal | Status | Flags |
---|---|---|---|---|---|---|
r-devel-linux-x86_64-debian-clang | 0.2.0 | 1.43 | 19.86 | 21.29 | OK | |
r-devel-linux-x86_64-debian-gcc | 0.2.0 | 1.18 | 16.79 | 17.97 | OK | |
r-devel-linux-x86_64-fedora-clang | 0.2.0 | 36.09 | OK | |||
r-devel-linux-x86_64-fedora-gcc | 0.2.0 | 48.94 | OK | |||
r-devel-windows-x86_64 | 0.2.0 | 3.00 | 42.00 | 45.00 | OK | |
r-patched-linux-x86_64 | 0.2.0 | 1.57 | 19.06 | 20.63 | NOTE | |
r-release-linux-x86_64 | 0.2.0 | 1.35 | 18.91 | 20.26 | NOTE | |
r-release-macos-arm64 | 0.2.0 | 29.00 | NOTE | |||
r-release-macos-x86_64 | 0.2.0 | 34.00 | NOTE | |||
r-release-windows-x86_64 | 0.2.0 | 3.00 | 40.00 | 43.00 | NOTE | |
r-oldrel-macos-arm64 | 0.2.0 | 20.00 | NOTE | |||
r-oldrel-macos-x86_64 | 0.2.0 | 30.00 | NOTE | |||
r-oldrel-windows-x86_64 | 0.2.0 | 3.00 | 43.00 | 46.00 | NOTE |
Version: 0.2.0
Check: LazyData
Result: NOTE
'LazyData' is specified without a 'data' directory
Flavors: r-patched-linux-x86_64, r-release-linux-x86_64, r-release-macos-arm64, r-release-macos-x86_64, r-release-windows-x86_64, r-oldrel-macos-arm64, r-oldrel-macos-x86_64, r-oldrel-windows-x86_64