CRAN Package Check Results for Package ajv

Last updated on 2025-05-09 01:49:58 CEST.

Flavor Version Tinstall Tcheck Ttotal Status Flags
r-devel-linux-x86_64-debian-clang 1.0.0 2.46 30.91 33.37 OK
r-devel-linux-x86_64-debian-gcc 1.0.0 1.93 25.51 27.44 OK
r-devel-linux-x86_64-fedora-clang 1.0.0 50.67 OK
r-devel-linux-x86_64-fedora-gcc 1.0.0 63.36 OK
r-devel-windows-x86_64 1.0.0 3.00 50.00 53.00 OK
r-patched-linux-x86_64 1.0.0 2.66 29.07 31.73 OK
r-release-linux-x86_64 1.0.0 2.46 28.81 31.27 OK
r-release-macos-arm64 1.0.0 37.00 OK
r-release-macos-x86_64 1.0.0 49.00 OK
r-release-windows-x86_64 1.0.0 3.00 51.00 54.00 OK
r-oldrel-macos-arm64 1.0.0 25.00 NOTE
r-oldrel-macos-x86_64 1.0.0 36.00 NOTE
r-oldrel-windows-x86_64 1.0.0 4.00 54.00 58.00 NOTE

Check Details

Version: 1.0.0
Check: LazyData
Result: NOTE 'LazyData' is specified without a 'data' directory Flavors: r-oldrel-macos-arm64, r-oldrel-macos-x86_64, r-oldrel-windows-x86_64