Last updated on 2025-10-25 01:50:52 CEST.
| Flavor | Version | Tinstall | Tcheck | Ttotal | Status | Flags |
|---|---|---|---|---|---|---|
| r-devel-linux-x86_64-debian-clang | 1.3.0 | 3.47 | 57.10 | 60.57 | NOTE | |
| r-devel-linux-x86_64-debian-gcc | 1.3.0 | 2.95 | 43.42 | 46.37 | NOTE | |
| r-devel-linux-x86_64-fedora-clang | 1.3.0 | 87.96 | OK | |||
| r-devel-linux-x86_64-fedora-gcc | 1.3.0 | 99.26 | OK | |||
| r-devel-windows-x86_64 | 1.3.0 | 5.00 | 78.00 | 83.00 | OK | |
| r-patched-linux-x86_64 | 1.3.0 | 3.52 | 53.83 | 57.35 | OK | |
| r-release-linux-x86_64 | 1.3.0 | 3.31 | 53.98 | 57.29 | OK | |
| r-release-macos-arm64 | 1.3.0 | 2.00 | 34.00 | 36.00 | OK | |
| r-release-macos-x86_64 | 1.3.0 | 3.00 | 92.00 | 95.00 | OK | |
| r-release-windows-x86_64 | 1.3.0 | 6.00 | 81.00 | 87.00 | OK | |
| r-oldrel-macos-arm64 | 1.3.0 | 2.00 | 73.00 | 75.00 | OK | |
| r-oldrel-macos-x86_64 | 1.3.0 | 3.00 | 121.00 | 124.00 | OK | |
| r-oldrel-windows-x86_64 | 1.3.0 | 8.00 | 95.00 | 103.00 | OK |
Version: 1.3.0
Check: DESCRIPTION meta-information
Result: NOTE
Author field differs from that derived from Authors@R
Author: ‘Nicolas Frerebeau [aut, cre] (<https://orcid.org/0000-0001-5759-4944>), Brice Lebrun [art] (<https://orcid.org/0000-0001-7503-8685>, Logo designer), Université Bordeaux Montaigne [fnd] (03pbgwk21), CNRS [fnd] (02feahw73)’
Authors@R: ‘Nicolas Frerebeau [aut, cre] (ORCID: <https://orcid.org/0000-0001-5759-4944>), Brice Lebrun [art] (ORCID: <https://orcid.org/0000-0001-7503-8685>, Logo designer), Université Bordeaux Montaigne [fnd] (ROR: <https://ror.org/03pbgwk21>), CNRS [fnd] (ROR: <https://ror.org/02feahw73>)’
Flavors: r-devel-linux-x86_64-debian-clang, r-devel-linux-x86_64-debian-gcc