Last updated on 2025-05-09 01:49:58 CEST.
Flavor | Version | Tinstall | Tcheck | Ttotal | Status | Flags |
---|---|---|---|---|---|---|
r-devel-linux-x86_64-debian-clang | 0.1.0 | 13.95 | 108.12 | 122.07 | NOTE | |
r-devel-linux-x86_64-debian-gcc | 0.1.0 | 9.39 | 74.02 | 83.41 | NOTE | |
r-devel-linux-x86_64-fedora-clang | 0.1.0 | 191.72 | NOTE | |||
r-devel-linux-x86_64-fedora-gcc | 0.1.0 | 186.55 | NOTE | |||
r-devel-windows-x86_64 | 0.1.0 | 16.00 | 106.00 | 122.00 | NOTE | |
r-patched-linux-x86_64 | 0.1.0 | 12.94 | 98.31 | 111.25 | NOTE | |
r-release-linux-x86_64 | 0.1.0 | 12.08 | 98.57 | 110.65 | NOTE | |
r-release-macos-arm64 | 0.1.0 | 56.00 | NOTE | |||
r-release-macos-x86_64 | 0.1.0 | 98.00 | NOTE | |||
r-release-windows-x86_64 | 0.1.0 | 14.00 | 108.00 | 122.00 | NOTE | |
r-oldrel-macos-arm64 | 0.1.0 | 53.00 | NOTE | |||
r-oldrel-macos-x86_64 | 0.1.0 | 77.00 | NOTE | |||
r-oldrel-windows-x86_64 | 0.1.0 | 19.00 | 139.00 | 158.00 | NOTE |
Version: 0.1.0
Check: Rd files
Result: NOTE
checkRd: (-1) compare_cohorts.Rd:35: Lost braces in \itemize; meant \describe ?
checkRd: (-1) compare_cohorts.Rd:36: Lost braces in \itemize; meant \describe ?
Flavors: r-devel-linux-x86_64-debian-clang, r-devel-linux-x86_64-debian-gcc, r-devel-linux-x86_64-fedora-clang, r-devel-linux-x86_64-fedora-gcc, r-devel-windows-x86_64, r-patched-linux-x86_64, r-release-linux-x86_64, r-release-macos-arm64, r-release-macos-x86_64, r-release-windows-x86_64, r-oldrel-macos-arm64, r-oldrel-macos-x86_64, r-oldrel-windows-x86_64