Last updated on 2025-02-20 01:50:26 CET.
Flavor | Version | Tinstall | Tcheck | Ttotal | Status | Flags |
---|---|---|---|---|---|---|
r-devel-linux-x86_64-debian-clang | 1.1-4 | 8.76 | 70.54 | 79.30 | OK | |
r-devel-linux-x86_64-debian-gcc | 1.1-4 | 5.96 | 51.75 | 57.71 | OK | |
r-devel-linux-x86_64-fedora-clang | 1.1-4 | 122.21 | OK | |||
r-devel-linux-x86_64-fedora-gcc | 1.1-4 | 120.76 | OK | |||
r-devel-macos-arm64 | 1.1-4 | 37.00 | OK | |||
r-devel-macos-x86_64 | 1.1-4 | 68.00 | OK | |||
r-devel-windows-x86_64 | 1.1-4 | 12.00 | 83.00 | 95.00 | OK | |
r-patched-linux-x86_64 | 1.1-4 | 8.61 | 67.26 | 75.87 | OK | |
r-release-linux-x86_64 | 1.1-4 | 7.75 | 66.26 | 74.01 | OK | |
r-release-macos-arm64 | 1.1-4 | 35.00 | OK | |||
r-release-macos-x86_64 | 1.1-4 | 52.00 | OK | |||
r-release-windows-x86_64 | 1.1-4 | 11.00 | 3.00 | 14.00 | FAIL | |
r-oldrel-macos-arm64 | 1.1-4 | 38.00 | OK | |||
r-oldrel-macos-x86_64 | 1.1-4 | 62.00 | OK | |||
r-oldrel-windows-x86_64 | 1.1-4 | 12.00 | 99.00 | 111.00 | OK |
Version: 1.1-4
Check: package dependencies
Result: FAIL
Flavor: r-release-windows-x86_64