Last updated on 2025-11-28 02:50:25 CET.
| Flavor | Version | Tinstall | Tcheck | Ttotal | Status | Flags |
|---|---|---|---|---|---|---|
| r-devel-linux-x86_64-debian-clang | 1.3.5 | 51.70 | 95.50 | 147.20 | NOTE | |
| r-devel-linux-x86_64-debian-gcc | 1.3.5 | 27.92 | 67.53 | 95.45 | NOTE | |
| r-devel-linux-x86_64-fedora-clang | 1.3.5 | 87.00 | 138.88 | 225.88 | NOTE | |
| r-devel-linux-x86_64-fedora-gcc | 1.3.5 | 84.00 | 140.61 | 224.61 | NOTE | |
| r-devel-windows-x86_64 | 1.3.5 | 55.00 | 117.00 | 172.00 | NOTE | |
| r-patched-linux-x86_64 | 1.3.5 | 41.23 | 87.52 | 128.75 | NOTE | |
| r-release-linux-x86_64 | 1.3.5 | 40.38 | 87.65 | 128.03 | NOTE | |
| r-release-macos-arm64 | 1.3.5 | NOTE | ||||
| r-release-macos-x86_64 | 1.3.5 | 20.00 | 115.00 | 135.00 | NOTE | |
| r-release-windows-x86_64 | 1.3.5 | 43.00 | 115.00 | 158.00 | NOTE | |
| r-oldrel-macos-arm64 | 1.3.5 | NOTE | ||||
| r-oldrel-macos-x86_64 | 1.3.5 | 14.00 | 59.00 | 73.00 | NOTE | |
| r-oldrel-windows-x86_64 | 1.3.5 | 56.00 | 145.00 | 201.00 | NOTE |
Version: 1.3.5
Check: CRAN incoming feasibility
Result: NOTE
Maintainer: ‘Shaun Wilkinson <shaunpwilkinson@gmail.com>’
Package CITATION file contains call(s) to old-style personList() or
as.personList(). Please use c() on person objects instead.
Package CITATION file contains call(s) to old-style citEntry(). Please
use bibentry() instead.
Flavors: r-devel-linux-x86_64-debian-clang, r-devel-linux-x86_64-debian-gcc
Version: 1.3.5
Check: C++ specification
Result: NOTE
Specified C++11: please drop specification unless essential
Flavors: r-devel-linux-x86_64-debian-clang, r-devel-windows-x86_64, r-patched-linux-x86_64, r-release-linux-x86_64, r-release-macos-arm64, r-release-macos-x86_64, r-release-windows-x86_64, r-oldrel-macos-arm64, r-oldrel-macos-x86_64, r-oldrel-windows-x86_64
Version: 1.3.5
Check: C++ specification
Result: NOTE
Specified C++11: support will be removed soon
Flavors: r-devel-linux-x86_64-debian-gcc, r-devel-linux-x86_64-fedora-clang, r-devel-linux-x86_64-fedora-gcc