Last updated on 2025-05-01 01:49:24 CEST.
Flavor | Version | Tinstall | Tcheck | Ttotal | Status | Flags |
---|---|---|---|---|---|---|
r-devel-linux-x86_64-debian-clang | 0.1.3 | 5.92 | 81.93 | 87.85 | NOTE | |
r-devel-linux-x86_64-debian-gcc | 0.1.3 | 3.95 | 59.48 | 63.43 | OK | |
r-devel-linux-x86_64-fedora-clang | 0.1.3 | 123.47 | OK | |||
r-devel-linux-x86_64-fedora-gcc | 0.1.3 | 128.96 | OK | |||
r-devel-windows-x86_64 | 0.1.3 | 8.00 | 87.00 | 95.00 | OK | |
r-patched-linux-x86_64 | 0.1.3 | 5.12 | 75.58 | 80.70 | OK | |
r-release-linux-x86_64 | 0.1.3 | 5.05 | 75.17 | 80.22 | OK | |
r-release-macos-arm64 | 0.1.3 | 61.00 | OK | |||
r-release-macos-x86_64 | 0.1.3 | 75.00 | OK | |||
r-release-windows-x86_64 | 0.1.3 | 8.00 | 90.00 | 98.00 | OK | |
r-oldrel-macos-arm64 | 0.1.3 | 41.00 | OK | |||
r-oldrel-macos-x86_64 | 0.1.3 | 61.00 | OK | |||
r-oldrel-windows-x86_64 | 0.1.3 | 8.00 | 107.00 | 115.00 | OK |
Version: 0.1.3
Check: examples
Result: NOTE
Examples with CPU (user + system) or elapsed time > 5s
user system elapsed
age_pyramid 7.491 0.184 9.714
Flavor: r-devel-linux-x86_64-debian-clang
Version: 0.1.3
Check: examples
Result: NA
user system elapsed
age_pyramid 4.511 0.133 6.622
OK
Flavor: r-devel-linux-x86_64-debian-gcc