Last updated on 2025-10-22 01:51:18 CEST.
Flavor | Version | Tinstall | Tcheck | Ttotal | Status | Flags |
---|---|---|---|---|---|---|
r-devel-linux-x86_64-debian-clang | 0.9.4 | 15.16 | 184.49 | 199.65 | NOTE | |
r-devel-linux-x86_64-debian-gcc | 0.9.4 | 8.67 | 131.67 | 140.34 | NOTE | |
r-devel-linux-x86_64-fedora-clang | 0.9.4 | 30.00 | 270.03 | 300.03 | NOTE | |
r-devel-linux-x86_64-fedora-gcc | 0.9.4 | 33.00 | 281.35 | 314.35 | NOTE | |
r-devel-windows-x86_64 | 0.9.4 | 15.00 | 167.00 | 182.00 | NOTE | |
r-patched-linux-x86_64 | 0.9.4 | 13.93 | 176.12 | 190.05 | NOTE | |
r-release-linux-x86_64 | 0.9.4 | 12.94 | 177.26 | 190.20 | NOTE | |
r-release-macos-arm64 | 0.9.4 | 6.00 | 78.00 | 84.00 | NOTE | |
r-release-macos-x86_64 | 0.9.4 | 15.00 | 161.00 | 176.00 | NOTE | |
r-release-windows-x86_64 | 0.9.4 | 15.00 | 169.00 | 184.00 | NOTE | |
r-oldrel-macos-arm64 | 0.9.4 | 6.00 | 94.00 | 100.00 | OK | |
r-oldrel-macos-x86_64 | 0.9.4 | 16.00 | 171.00 | 187.00 | OK | |
r-oldrel-windows-x86_64 | 0.9.4 | 19.00 | 230.00 | 249.00 | OK |
Version: 0.9.4
Check: DESCRIPTION meta-information
Result: NOTE
Missing dependency on R >= 4.1.0 because package code uses the pipe
|> or function shorthand \(...) syntax added in R 4.1.0.
File(s) using such syntax:
‘adb_archive.R’ ‘adb_backup.R’ ‘adb_querry.R’ ‘helpers.R’
‘normGeometry.R’
Flavors: r-devel-linux-x86_64-debian-clang, r-devel-linux-x86_64-debian-gcc, r-devel-linux-x86_64-fedora-clang, r-devel-linux-x86_64-fedora-gcc, r-devel-windows-x86_64, r-patched-linux-x86_64, r-release-linux-x86_64, r-release-macos-arm64, r-release-macos-x86_64, r-release-windows-x86_64
Version: 0.9.4
Check: HTML version of manual
Result: NOTE
Found the following HTML validation problems:
adb_diagnose.html:68:1 (adb_diagnose.Rd:24): Warning: missing </ul> before </div>
dot-getColTypes.html:47:1 (dot-getColTypes.Rd:11): Warning: missing </ul> before </div>
Flavors: r-devel-linux-x86_64-debian-clang, r-devel-linux-x86_64-debian-gcc