Last updated on 2025-05-19 02:49:30 CEST.
Flavor | Version | Tinstall | Tcheck | Ttotal | Status | Flags |
---|---|---|---|---|---|---|
r-devel-linux-x86_64-debian-clang | 0.1-3 | 1.90 | 17.33 | 19.23 | OK | |
r-devel-linux-x86_64-debian-gcc | 0.1-3 | 1.48 | 14.25 | 15.73 | OK | |
r-devel-linux-x86_64-fedora-clang | 0.1-3 | 29.05 | OK | |||
r-devel-linux-x86_64-fedora-gcc | 0.1-3 | 28.19 | OK | |||
r-devel-windows-x86_64 | 0.1-3 | 3.00 | 47.00 | 50.00 | OK | |
r-patched-linux-x86_64 | 0.1-3 | 1.82 | 16.32 | 18.14 | OK | |
r-release-linux-x86_64 | 0.1-3 | 1.48 | 16.26 | 17.74 | OK | |
r-release-macos-arm64 | 0.1-3 | 14.00 | OK | |||
r-release-macos-x86_64 | 0.1-3 | 21.00 | OK | |||
r-release-windows-x86_64 | 0.1-3 | 3.00 | 37.00 | 40.00 | OK | |
r-oldrel-macos-arm64 | 0.1-3 | 21.00 | NOTE | |||
r-oldrel-macos-x86_64 | 0.1-3 | 19.00 | NOTE | |||
r-oldrel-windows-x86_64 | 0.1-3 | 3.00 | 36.00 | 39.00 | NOTE |
Version: 0.1-3
Check: LazyData
Result: NOTE
'LazyData' is specified without a 'data' directory
Flavors: r-oldrel-macos-arm64, r-oldrel-macos-x86_64, r-oldrel-windows-x86_64