Last updated on 2024-05-21 02:01:55 CEST.
Flavor | Version | Tinstall | Tcheck | Ttotal | Status | Flags |
---|---|---|---|---|---|---|
r-devel-linux-x86_64-debian-clang | 0.9.1 | 64.65 | 515.68 | 580.33 | OK | |
r-devel-linux-x86_64-debian-gcc | 0.9.1 | 50.80 | 377.17 | 427.97 | OK | |
r-devel-linux-x86_64-fedora-clang | 0.9.1 | 753.37 | OK | |||
r-devel-linux-x86_64-fedora-gcc | 0.9.1 | 700.60 | OK | |||
r-devel-windows-x86_64 | 0.9.1 | 58.00 | 349.00 | 407.00 | OK | |
r-patched-linux-x86_64 | 0.9.1 | 56.23 | 489.88 | 546.11 | OK | |
r-release-linux-x86_64 | 0.9.1 | 51.82 | 494.37 | 546.19 | OK | |
r-release-macos-arm64 | 0.9.1 | 216.00 | OK | |||
r-release-macos-x86_64 | 0.9.1 | 388.00 | OK | |||
r-release-windows-x86_64 | 0.9.1 | 58.00 | 345.00 | 403.00 | OK | |
r-oldrel-macos-arm64 | 0.9.1 | 10.00 | ERROR | |||
r-oldrel-macos-x86_64 | 0.9.1 | 11.00 | ERROR | |||
r-oldrel-windows-x86_64 | 0.9.1 | 74.00 | 472.00 | 546.00 | OK |
Version: 0.9.1
Check: package dependencies
Result: ERROR
Package required but not available: ‘GSVA’
See section ‘The DESCRIPTION file’ in the ‘Writing R Extensions’
manual.
Flavors: r-oldrel-macos-arm64, r-oldrel-macos-x86_64