Last updated on 2025-05-06 02:50:11 CEST.
Flavor | Version | Tinstall | Tcheck | Ttotal | Status | Flags |
---|---|---|---|---|---|---|
r-devel-linux-x86_64-debian-clang | 0.2.4 | 23.39 | 575.37 | 598.76 | OK | |
r-devel-linux-x86_64-debian-gcc | 0.2.4 | 16.57 | 360.79 | 377.36 | OK | |
r-devel-linux-x86_64-fedora-clang | 0.2.4 | 1049.56 | OK | |||
r-devel-linux-x86_64-fedora-gcc | 0.2.4 | 1038.00 | OK | |||
r-devel-windows-x86_64 | 0.2.4 | 25.00 | 527.00 | 552.00 | OK | |
r-patched-linux-x86_64 | 0.2.4 | 22.21 | 539.06 | 561.27 | OK | |
r-release-linux-x86_64 | 0.2.4 | 20.26 | 538.21 | 558.47 | OK | |
r-release-macos-arm64 | 0.2.4 | 150.00 | OK | |||
r-release-macos-x86_64 | 0.2.4 | 276.00 | OK | |||
r-release-windows-x86_64 | 0.2.4 | 27.00 | 517.00 | 544.00 | OK | |
r-oldrel-macos-arm64 | 0.2.4 | 176.00 | NOTE | |||
r-oldrel-macos-x86_64 | 0.2.4 | 291.00 | NOTE | |||
r-oldrel-windows-x86_64 | 0.2.4 | 33.00 | 715.00 | 748.00 | NOTE |
Version: 0.2.4
Check: installed package size
Result: NOTE
installed size is 5.2Mb
sub-directories of 1Mb or more:
data 1.6Mb
doc 3.1Mb
Flavors: r-oldrel-macos-arm64, r-oldrel-macos-x86_64, r-oldrel-windows-x86_64