Last updated on 2024-05-21 02:01:55 CEST.
Flavor | Version | Tinstall | Tcheck | Ttotal | Status | Flags |
---|---|---|---|---|---|---|
r-devel-linux-x86_64-debian-clang | 0.1.8 | 4.76 | 49.40 | 54.16 | NOTE | |
r-devel-linux-x86_64-debian-gcc | 0.1.8 | 3.67 | 37.34 | 41.01 | NOTE | |
r-devel-linux-x86_64-fedora-clang | 0.1.8 | 75.26 | NOTE | |||
r-devel-linux-x86_64-fedora-gcc | 0.1.8 | 78.44 | NOTE | |||
r-devel-windows-x86_64 | 0.1.8 | 9.00 | 81.00 | 90.00 | NOTE | |
r-patched-linux-x86_64 | 0.1.8 | 5.31 | 47.28 | 52.59 | NOTE | |
r-release-linux-x86_64 | 0.1.8 | 4.35 | 47.54 | 51.89 | NOTE | |
r-release-macos-arm64 | 0.1.8 | 31.00 | NOTE | |||
r-release-windows-x86_64 | 0.1.8 | 8.00 | 79.00 | 87.00 | NOTE | |
r-oldrel-macos-arm64 | 0.1.8 | 30.00 | NOTE | |||
r-oldrel-macos-x86_64 | 0.1.8 | 48.00 | NOTE | |||
r-oldrel-windows-x86_64 | 0.1.8 | 9.00 | 92.00 | 101.00 | NOTE |
Version: 0.1.8
Check: LazyData
Result: NOTE
'LazyData' is specified without a 'data' directory
Flavors: r-devel-linux-x86_64-debian-clang, r-devel-linux-x86_64-debian-gcc, r-devel-linux-x86_64-fedora-clang, r-devel-linux-x86_64-fedora-gcc, r-devel-windows-x86_64, r-patched-linux-x86_64, r-release-linux-x86_64, r-release-macos-arm64, r-release-windows-x86_64, r-oldrel-macos-arm64, r-oldrel-macos-x86_64, r-oldrel-windows-x86_64