Last updated on 2025-02-20 01:50:27 CET.
Flavor | Version | Tinstall | Tcheck | Ttotal | Status | Flags |
---|---|---|---|---|---|---|
r-devel-linux-x86_64-debian-clang | 0.1.5 | 3.27 | 30.04 | 33.31 | OK | |
r-devel-linux-x86_64-debian-gcc | 0.1.5 | 2.23 | 23.07 | 25.30 | OK | |
r-devel-linux-x86_64-fedora-clang | 0.1.5 | 53.11 | OK | |||
r-devel-linux-x86_64-fedora-gcc | 0.1.5 | 50.58 | OK | |||
r-devel-macos-arm64 | 0.1.5 | 20.00 | OK | |||
r-devel-macos-x86_64 | 0.1.5 | 43.00 | OK | |||
r-devel-windows-x86_64 | 0.1.5 | 7.00 | 76.00 | 83.00 | OK | |
r-patched-linux-x86_64 | 0.1.5 | 2.93 | 28.14 | 31.07 | OK | |
r-release-linux-x86_64 | 0.1.5 | 2.20 | 28.30 | 30.50 | OK | |
r-release-macos-arm64 | 0.1.5 | 21.00 | OK | |||
r-release-macos-x86_64 | 0.1.5 | 33.00 | OK | |||
r-release-windows-x86_64 | 0.1.5 | 6.00 | 3.00 | 9.00 | FAIL | |
r-oldrel-macos-arm64 | 0.1.5 | 22.00 | OK | |||
r-oldrel-macos-x86_64 | 0.1.5 | 29.00 | OK | |||
r-oldrel-windows-x86_64 | 0.1.5 | 7.00 | 71.00 | 78.00 | OK |
Version: 0.1.5
Check: package dependencies
Result: FAIL
Flavor: r-release-windows-x86_64