Last updated on 2025-02-05 02:48:45 CET.
Flavor | Version | Tinstall | Tcheck | Ttotal | Status | Flags |
---|---|---|---|---|---|---|
r-devel-linux-x86_64-debian-clang | 2.2.13 | 226.43 | 67.46 | 293.89 | NOTE | |
r-devel-linux-x86_64-debian-gcc | 2.2.13 | 195.56 | 64.33 | 259.89 | NOTE | |
r-devel-linux-x86_64-fedora-clang | 2.2.13 | 410.62 | OK | |||
r-devel-linux-x86_64-fedora-gcc | 2.2.13 | 605.37 | OK | |||
r-devel-windows-x86_64 | 2.2.13 | 183.00 | 116.00 | 299.00 | OK | |
r-patched-linux-x86_64 | 2.2.13 | 249.50 | 82.56 | 332.06 | OK | |
r-release-linux-x86_64 | 2.2.13 | 249.79 | 81.89 | 331.68 | OK | |
r-release-macos-arm64 | 2.2.13 | 112.00 | NOTE | |||
r-release-macos-x86_64 | 2.2.13 | 297.00 | NOTE | |||
r-release-windows-x86_64 | 2.2.13 | 182.00 | 114.00 | 296.00 | OK | |
r-oldrel-macos-arm64 | 2.2.13 | 127.00 | NOTE | |||
r-oldrel-macos-x86_64 | 2.2.13 | 257.00 | NOTE | |||
r-oldrel-windows-x86_64 | 2.2.13 | 282.00 | 135.00 | 417.00 | OK |
Version: 2.2.13
Check: for unstated dependencies in ‘demo’
Result: NOTE
'data(package=)' call not declared from: ‘NAM’
Flavors: r-devel-linux-x86_64-debian-clang, r-devel-linux-x86_64-debian-gcc
Version: 2.2.13
Check: installed package size
Result: NOTE
installed size is 129.4Mb
sub-directories of 1Mb or more:
libs 129.0Mb
Flavors: r-release-macos-arm64, r-release-macos-x86_64, r-oldrel-macos-arm64, r-oldrel-macos-x86_64