Last updated on 2024-05-21 02:01:56 CEST.
Flavor | Version | Tinstall | Tcheck | Ttotal | Status | Flags |
---|---|---|---|---|---|---|
r-devel-linux-x86_64-debian-clang | 2.2.8 | 307.25 | 84.08 | 391.33 | OK | |
r-devel-linux-x86_64-debian-gcc | 2.2.8 | 267.64 | 75.66 | 343.30 | OK | |
r-devel-linux-x86_64-fedora-clang | 2.2.9 | 430.28 | OK | |||
r-devel-linux-x86_64-fedora-gcc | 2.2.8 | 609.68 | OK | |||
r-devel-windows-x86_64 | 2.2.8 | 195.00 | 109.00 | 304.00 | OK | |
r-patched-linux-x86_64 | 2.2.8 | 333.04 | 99.01 | 432.05 | OK | |
r-release-linux-x86_64 | 2.2.8 | 327.39 | 97.18 | 424.57 | OK | |
r-release-macos-arm64 | 2.2.8 | 121.00 | NOTE | |||
r-release-macos-x86_64 | 2.2.8 | 375.00 | NOTE | |||
r-release-windows-x86_64 | 2.2.8 | 180.00 | 107.00 | 287.00 | OK | |
r-oldrel-macos-arm64 | 2.2.8 | 139.00 | NOTE | |||
r-oldrel-macos-x86_64 | 2.2.9 | 378.00 | NOTE | |||
r-oldrel-windows-x86_64 | 2.2.8 | 305.00 | 135.00 | 440.00 | OK |
Version: 2.2.8
Check: installed package size
Result: NOTE
installed size is 128.3Mb
sub-directories of 1Mb or more:
libs 127.8Mb
Flavors: r-release-macos-arm64, r-release-macos-x86_64, r-oldrel-macos-arm64
Version: 2.2.9
Check: installed package size
Result: NOTE
installed size is 130.3Mb
sub-directories of 1Mb or more:
libs 129.9Mb
Flavor: r-oldrel-macos-x86_64