Last updated on 2025-05-09 01:49:59 CEST.
Flavor | Version | Tinstall | Tcheck | Ttotal | Status | Flags |
---|---|---|---|---|---|---|
r-devel-linux-x86_64-debian-clang | 2.1.3 | 14.80 | 170.34 | 185.14 | OK | |
r-devel-linux-x86_64-debian-gcc | 2.1.3 | 11.15 | 122.82 | 133.97 | OK | |
r-devel-linux-x86_64-fedora-clang | 2.1.3 | 277.77 | OK | |||
r-devel-linux-x86_64-fedora-gcc | 2.1.3 | 292.15 | OK | |||
r-devel-windows-x86_64 | 2.1.3 | 18.00 | 183.00 | 201.00 | OK | |
r-patched-linux-x86_64 | 2.1.3 | 14.84 | 158.91 | 173.75 | OK | |
r-release-linux-x86_64 | 2.1.3 | 14.94 | 158.62 | 173.56 | OK | |
r-release-macos-arm64 | 2.1.3 | 87.00 | OK | |||
r-release-macos-x86_64 | 2.1.3 | 163.00 | OK | |||
r-release-windows-x86_64 | 2.1.3 | 19.00 | 202.00 | 221.00 | OK | |
r-oldrel-macos-arm64 | 2.1.3 | 97.00 | NOTE | |||
r-oldrel-macos-x86_64 | 2.1.3 | 171.00 | NOTE | |||
r-oldrel-windows-x86_64 | 2.1.3 | 24.00 | 252.00 | 276.00 | NOTE |
Version: 2.1.3
Check: installed package size
Result: NOTE
installed size is 7.7Mb
sub-directories of 1Mb or more:
doc 4.3Mb
help 2.2Mb
Flavors: r-oldrel-macos-arm64, r-oldrel-macos-x86_64, r-oldrel-windows-x86_64