CRAN Package Check Results for Package babelwhale

Last updated on 2025-02-20 01:50:27 CET.

Flavor Version Tinstall Tcheck Ttotal Status Flags
r-devel-linux-x86_64-debian-clang 1.2.0 9.74 77.93 87.67 OK
r-devel-linux-x86_64-debian-gcc 1.2.0 6.76 57.73 64.49 OK
r-devel-linux-x86_64-fedora-clang 1.2.0 140.05 OK
r-devel-linux-x86_64-fedora-gcc 1.2.0 136.47 OK
r-devel-macos-arm64 1.2.0 41.00 OK
r-devel-macos-x86_64 1.2.0 77.00 OK
r-devel-windows-x86_64 1.2.0 9.00 89.00 98.00 OK
r-patched-linux-x86_64 1.2.0 9.65 70.70 80.35 OK
r-release-linux-x86_64 1.2.0 9.41 70.71 80.12 OK
r-release-macos-arm64 1.2.0 39.00 OK
r-release-macos-x86_64 1.2.0 63.00 OK
r-release-windows-x86_64 1.2.0 10.00 3.00 13.00 FAIL
r-oldrel-macos-arm64 1.2.0 42.00 OK
r-oldrel-macos-x86_64 1.2.0 88.00 OK
r-oldrel-windows-x86_64 1.2.0 14.00 99.00 113.00 OK

Check Details

Version: 1.2.0
Check: package dependencies
Result: FAIL
Flavor: r-release-windows-x86_64