Last updated on 2025-05-07 01:49:49 CEST.
Flavor | Version | Tinstall | Tcheck | Ttotal | Status | Flags |
---|---|---|---|---|---|---|
r-devel-linux-x86_64-debian-clang | 0.1.0 | 5.02 | 49.46 | 54.48 | OK | |
r-devel-linux-x86_64-debian-gcc | 0.1.0 | 4.56 | 36.50 | 41.06 | OK | |
r-devel-linux-x86_64-fedora-clang | 0.1.0 | 84.88 | OK | |||
r-devel-linux-x86_64-fedora-gcc | 0.1.0 | 78.18 | OK | |||
r-devel-windows-x86_64 | 0.1.0 | 8.00 | 64.00 | 72.00 | OK | |
r-patched-linux-x86_64 | 0.1.0 | 5.87 | 45.02 | 50.89 | OK | |
r-release-linux-x86_64 | 0.1.0 | 4.25 | 45.02 | 49.27 | OK | |
r-release-macos-arm64 | 0.1.0 | 27.00 | OK | |||
r-release-macos-x86_64 | 0.1.0 | 53.00 | OK | |||
r-release-windows-x86_64 | 0.1.0 | 9.00 | 63.00 | 72.00 | OK | |
r-oldrel-macos-arm64 | 0.1.0 | 32.00 | NOTE | |||
r-oldrel-macos-x86_64 | 0.1.0 | 49.00 | NOTE | |||
r-oldrel-windows-x86_64 | 0.1.0 | 9.00 | 73.00 | 82.00 | NOTE |
Version: 0.1.0
Check: package dependencies
Result: NOTE
Depends: includes the non-default packages:
'dplyr', 'glue', 'janitor', 'lubridate', 'readr', 'snakecase',
'stringr'
Adding so many packages to the search path is excessive and importing
selectively is preferable.
Flavors: r-oldrel-macos-arm64, r-oldrel-macos-x86_64, r-oldrel-windows-x86_64