Last updated on 2025-05-05 01:50:41 CEST.
Flavor | Version | Tinstall | Tcheck | Ttotal | Status | Flags |
---|---|---|---|---|---|---|
r-devel-linux-x86_64-debian-clang | 1.0 | 39.71 | 64.41 | 104.12 | NOTE | |
r-devel-linux-x86_64-debian-gcc | 1.0 | 34.60 | 47.11 | 81.71 | NOTE | |
r-devel-linux-x86_64-fedora-clang | 1.0 | 161.87 | NOTE | |||
r-devel-linux-x86_64-fedora-gcc | 1.1 | 223.78 | OK | |||
r-devel-windows-x86_64 | 1.0 | 50.00 | 105.00 | 155.00 | NOTE | |
r-patched-linux-x86_64 | 1.0 | 44.70 | 62.70 | 107.40 | NOTE | |
r-release-linux-x86_64 | 1.0 | 47.10 | 62.46 | 109.56 | NOTE | |
r-release-macos-arm64 | 1.1 | 53.00 | OK | |||
r-release-macos-x86_64 | 1.1 | 100.00 | OK | |||
r-release-windows-x86_64 | 1.0 | 50.00 | 103.00 | 153.00 | NOTE | |
r-oldrel-macos-arm64 | 1.1 | 55.00 | NOTE | |||
r-oldrel-macos-x86_64 | 1.1 | 106.00 | NOTE | |||
r-oldrel-windows-x86_64 | 1.0 | 56.00 | 129.00 | 185.00 | OK |
Version: 1.0
Check: DESCRIPTION meta-information
Result: NOTE
Missing dependency on R >= 4.1.0 because package code uses the pipe
|> or function shorthand \(...) syntax added in R 4.1.0.
File(s) using such syntax:
‘aloocv.R’ ‘cohortODX.R’ ‘computeEndpoints.R’ ‘fit_baclava.R’
‘predictODX.R’ ‘s3_methods.R’ ‘utilities.R’
Flavors: r-devel-linux-x86_64-debian-clang, r-devel-linux-x86_64-debian-gcc, r-devel-linux-x86_64-fedora-clang, r-devel-windows-x86_64, r-patched-linux-x86_64, r-release-linux-x86_64, r-release-windows-x86_64
Version: 1.1
Check: installed package size
Result: NOTE
installed size is 10.4Mb
sub-directories of 1Mb or more:
libs 10.1Mb
Flavors: r-oldrel-macos-arm64, r-oldrel-macos-x86_64