Last updated on 2025-02-20 01:50:27 CET.
Flavor | Version | Tinstall | Tcheck | Ttotal | Status | Flags |
---|---|---|---|---|---|---|
r-devel-linux-x86_64-debian-clang | 1.6.0 | 20.73 | 127.76 | 148.49 | NOTE | |
r-devel-linux-x86_64-debian-gcc | 1.6.0 | 14.88 | 81.79 | 96.67 | NOTE | |
r-devel-linux-x86_64-fedora-clang | 1.6.0 | 237.41 | NOTE | |||
r-devel-linux-x86_64-fedora-gcc | 1.6.0 | 223.96 | NOTE | |||
r-devel-macos-arm64 | 1.6.0 | 57.00 | OK | |||
r-devel-macos-x86_64 | 1.6.0 | 145.00 | NOTE | |||
r-devel-windows-x86_64 | 1.6.0 | 24.00 | 161.00 | 185.00 | NOTE | |
r-patched-linux-x86_64 | 1.6.0 | 22.41 | 115.91 | 138.32 | OK | |
r-release-linux-x86_64 | 1.6.0 | 20.12 | 114.04 | 134.16 | OK | |
r-release-macos-arm64 | 1.6.0 | 40.00 | OK | |||
r-release-macos-x86_64 | 1.6.0 | 66.00 | OK | |||
r-release-windows-x86_64 | 1.6.0 | 22.00 | 156.00 | 178.00 | OK | |
r-oldrel-macos-arm64 | 1.6.0 | 63.00 | OK | |||
r-oldrel-macos-x86_64 | 1.6.0 | 120.00 | OK | |||
r-oldrel-windows-x86_64 | 1.6.0 | 30.00 | 184.00 | 214.00 | OK |
Version: 1.6.0
Check: DESCRIPTION meta-information
Result: NOTE
Missing dependency on R >= 4.1.0 because package code uses the pipe
|> or function shorthand \(...) syntax added in R 4.1.0.
File(s) using such syntax:
‘chadwick_installation.R’
Flavors: r-devel-linux-x86_64-debian-clang, r-devel-linux-x86_64-debian-gcc, r-devel-linux-x86_64-fedora-clang, r-devel-linux-x86_64-fedora-gcc, r-devel-macos-x86_64, r-devel-windows-x86_64