Last updated on 2025-11-11 02:50:35 CET.
| Flavor | Version | Tinstall | Tcheck | Ttotal | Status | Flags |
|---|---|---|---|---|---|---|
| r-devel-linux-x86_64-debian-clang | 0.1.5 | 78.53 | 160.10 | 238.63 | OK | |
| r-devel-linux-x86_64-debian-gcc | 0.1.5 | 53.18 | 101.21 | 154.39 | OK | |
| r-devel-linux-x86_64-fedora-clang | 0.1.5 | 191.00 | 215.97 | 406.97 | OK | |
| r-devel-linux-x86_64-fedora-gcc | 0.1.5 | 153.00 | 236.23 | 389.23 | OK | |
| r-devel-windows-x86_64 | 0.1.5 | 86.00 | 224.00 | 310.00 | OK | |
| r-patched-linux-x86_64 | 0.1.5 | 79.23 | 139.86 | 219.09 | OK | |
| r-release-linux-x86_64 | 0.1.5 | 71.43 | 139.57 | 211.00 | OK | |
| r-release-macos-arm64 | 0.1.5 | 29.00 | 87.00 | 116.00 | OK | |
| r-release-macos-x86_64 | 0.1.5 | 47.00 | 180.00 | 227.00 | OK | |
| r-release-windows-x86_64 | 0.1.5 | 85.00 | 227.00 | 312.00 | OK | |
| r-oldrel-macos-arm64 | 0.1.5 | 16.00 | 228.00 | 244.00 | NOTE | |
| r-oldrel-macos-x86_64 | 0.1.5 | 46.00 | 277.00 | 323.00 | NOTE | |
| r-oldrel-windows-x86_64 | 0.1.5 | 95.00 | 272.00 | 367.00 | OK |
Version: 0.1.5
Check: installed package size
Result: NOTE
installed size is 7.2Mb
sub-directories of 1Mb or more:
libs 6.6Mb
Flavors: r-oldrel-macos-arm64, r-oldrel-macos-x86_64