Last updated on 2025-02-20 01:50:27 CET.
Flavor | Version | Tinstall | Tcheck | Ttotal | Status | Flags |
---|---|---|---|---|---|---|
r-devel-linux-x86_64-debian-clang | 2.0.2 | 69.41 | 31.79 | 101.20 | OK | |
r-devel-linux-x86_64-debian-gcc | 2.0.2 | 55.09 | 25.01 | 80.10 | OK | |
r-devel-linux-x86_64-fedora-clang | 2.0.2 | 219.02 | OK | |||
r-devel-linux-x86_64-fedora-gcc | 2.0.2 | 215.77 | OK | |||
r-devel-macos-arm64 | 2.0.2 | 72.00 | OK | |||
r-devel-macos-x86_64 | 2.0.2 | 70.00 | OK | |||
r-devel-windows-x86_64 | 2.0.2 | 86.00 | 71.00 | 157.00 | OK | |
r-patched-linux-x86_64 | 2.0.2 | 76.11 | 30.08 | 106.19 | NOTE | |
r-release-linux-x86_64 | 2.0.2 | 70.88 | 30.02 | 100.90 | NOTE | |
r-release-macos-arm64 | 2.0.2 | 35.00 | NOTE | |||
r-release-macos-x86_64 | 2.0.2 | 45.00 | NOTE | |||
r-release-windows-x86_64 | 2.0.2 | 93.00 | 83.00 | 176.00 | NOTE | |
r-oldrel-macos-arm64 | 2.0.2 | 60.00 | NOTE | |||
r-oldrel-macos-x86_64 | 2.0.2 | 76.00 | NOTE | |||
r-oldrel-windows-x86_64 | 2.0.2 | 111.00 | 79.00 | 190.00 | NOTE |
Version: 2.0.2
Check: for GNU extensions in Makefiles
Result: NOTE
GNU make is a SystemRequirements.
Flavors: r-patched-linux-x86_64, r-release-linux-x86_64, r-release-macos-arm64, r-release-macos-x86_64, r-release-windows-x86_64, r-oldrel-macos-arm64, r-oldrel-macos-x86_64, r-oldrel-windows-x86_64
Version: 2.0.2
Check: installed package size
Result: NOTE
installed size is 7.5Mb
sub-directories of 1Mb or more:
libs 6.4Mb
Flavors: r-release-macos-arm64, r-release-macos-x86_64, r-oldrel-macos-arm64, r-oldrel-macos-x86_64