Last updated on 2025-11-17 02:48:31 CET.
| Flavor | Version | Tinstall | Tcheck | Ttotal | Status | Flags |
|---|---|---|---|---|---|---|
| r-devel-linux-x86_64-debian-clang | 0.5.0 | 4.96 | 59.77 | 64.73 | OK | |
| r-devel-linux-x86_64-debian-gcc | 0.5.0 | 4.97 | 44.61 | 49.58 | NOTE | |
| r-devel-linux-x86_64-fedora-clang | 0.5.0 | 31.00 | 77.51 | 108.51 | OK | |
| r-devel-linux-x86_64-fedora-gcc | 0.5.0 | 14.00 | 83.45 | 97.45 | OK | |
| r-devel-windows-x86_64 | 0.5.0 | 12.00 | 68.00 | 80.00 | OK | |
| r-patched-linux-x86_64 | 0.5.0 | 7.28 | 55.36 | 62.64 | OK | |
| r-release-linux-x86_64 | 0.5.0 | 6.39 | 56.25 | 62.64 | OK | |
| r-release-macos-arm64 | 0.5.0 | 4.00 | 27.00 | 31.00 | OK | |
| r-release-macos-x86_64 | 0.5.0 | 6.00 | 43.00 | 49.00 | OK | |
| r-release-windows-x86_64 | 0.5.0 | 10.00 | 67.00 | 77.00 | OK | |
| r-oldrel-macos-arm64 | 0.5.0 | 2.00 | 26.00 | 28.00 | OK | |
| r-oldrel-macos-x86_64 | 0.5.0 | 6.00 | 49.00 | 55.00 | OK | |
| r-oldrel-windows-x86_64 | 0.5.0 | 13.00 | 84.00 | 97.00 | OK |
Version: 0.5.0
Check: CRAN incoming feasibility
Result: NOTE
Maintainer: ‘Ander Wilson <ander.wilson@colostate.edu>’
The BugReports field in DESCRIPTION has
https://github.com/anderwilson/bdlim/issues/
which should likely be
https://github.com/anderwilson/bdlim/issues/issues
instead.
Flavor: r-devel-linux-x86_64-debian-gcc