Last updated on 2024-05-21 02:01:55 CEST.
Flavor | Version | Tinstall | Tcheck | Ttotal | Status | Flags |
---|---|---|---|---|---|---|
r-devel-linux-x86_64-debian-clang | 1.0.4 | 2.33 | 29.04 | 31.37 | NOTE | |
r-devel-linux-x86_64-debian-gcc | 1.0.4 | 2.10 | 22.19 | 24.29 | NOTE | |
r-devel-linux-x86_64-fedora-clang | 1.0.4 | 43.87 | NOTE | |||
r-devel-linux-x86_64-fedora-gcc | 1.0.4 | 38.18 | NOTE | |||
r-devel-windows-x86_64 | 1.0.4 | 3.00 | 45.00 | 48.00 | NOTE | |
r-patched-linux-x86_64 | 1.0.4 | 2.55 | 27.72 | 30.27 | NOTE | |
r-release-linux-x86_64 | 1.0.4 | 2.93 | 28.37 | 31.30 | NOTE | |
r-release-macos-arm64 | 1.0.4 | 17.00 | NOTE | |||
r-release-windows-x86_64 | 1.0.4 | 4.00 | 47.00 | 51.00 | NOTE | |
r-oldrel-macos-arm64 | 1.0.4 | 18.00 | NOTE | |||
r-oldrel-macos-x86_64 | 1.0.4 | 23.00 | NOTE | |||
r-oldrel-windows-x86_64 | 1.0.4 | 4.00 | 50.00 | 54.00 | NOTE |
Version: 1.0.4
Check: LazyData
Result: NOTE
'LazyData' is specified without a 'data' directory
Flavors: r-devel-linux-x86_64-debian-clang, r-devel-linux-x86_64-debian-gcc, r-devel-linux-x86_64-fedora-clang, r-devel-linux-x86_64-fedora-gcc, r-devel-windows-x86_64, r-patched-linux-x86_64, r-release-linux-x86_64, r-release-macos-arm64, r-release-windows-x86_64, r-oldrel-macos-arm64, r-oldrel-macos-x86_64, r-oldrel-windows-x86_64
Version: 1.0.4
Check: for non-standard things in the check directory
Result: NOTE
Found the following files/directories:
‘dump.txt’
Flavors: r-devel-linux-x86_64-debian-clang, r-devel-linux-x86_64-debian-gcc, r-devel-linux-x86_64-fedora-clang, r-devel-linux-x86_64-fedora-gcc, r-patched-linux-x86_64, r-release-linux-x86_64