CRAN Package Check Results for Package beepr

Last updated on 2025-02-20 01:50:27 CET.

Flavor Version Tinstall Tcheck Ttotal Status Flags
r-devel-linux-x86_64-debian-clang 2.0 1.51 17.89 19.40 OK
r-devel-linux-x86_64-debian-gcc 2.0 1.45 14.91 16.36 OK
r-devel-linux-x86_64-fedora-clang 2.0 31.75 OK
r-devel-linux-x86_64-fedora-gcc 2.0 30.61 OK
r-devel-macos-arm64 2.0 16.00 OK
r-devel-macos-x86_64 2.0 23.00 OK
r-devel-windows-x86_64 2.0 3.00 41.00 44.00 OK
r-patched-linux-x86_64 2.0 1.57 17.56 19.13 OK
r-release-linux-x86_64 2.0 1.43 17.38 18.81 OK
r-release-macos-arm64 2.0 25.00 OK
r-release-macos-x86_64 2.0 51.00 OK
r-release-windows-x86_64 2.0 3.00 3.00 6.00 FAIL
r-oldrel-macos-arm64 2.0 22.00 OK
r-oldrel-macos-x86_64 2.0 34.00 OK
r-oldrel-windows-x86_64 2.0 3.00 42.00 45.00 OK

Check Details

Version: 2.0
Check: package dependencies
Result: FAIL
Flavor: r-release-windows-x86_64