Last updated on 2024-05-21 02:01:55 CEST.
Flavor | Version | Tinstall | Tcheck | Ttotal | Status | Flags |
---|---|---|---|---|---|---|
r-devel-linux-x86_64-debian-clang | 0.1.2 | 4.01 | 35.26 | 39.27 | NOTE | |
r-devel-linux-x86_64-debian-gcc | 0.1.2 | 2.98 | 26.81 | 29.79 | NOTE | |
r-devel-linux-x86_64-fedora-clang | 0.1.2 | 55.67 | NOTE | |||
r-devel-linux-x86_64-fedora-gcc | 0.1.2 | 47.79 | NOTE | |||
r-devel-windows-x86_64 | 0.1.2 | 5.00 | 48.00 | 53.00 | NOTE | |
r-patched-linux-x86_64 | 0.1.2 | 4.50 | 33.16 | 37.66 | NOTE | |
r-release-linux-x86_64 | 0.1.2 | 3.97 | 33.81 | 37.78 | NOTE | |
r-release-macos-arm64 | 0.1.2 | 20.00 | NOTE | |||
r-release-windows-x86_64 | 0.1.2 | 6.00 | 47.00 | 53.00 | NOTE | |
r-oldrel-macos-arm64 | 0.1.2 | 21.00 | NOTE | |||
r-oldrel-macos-x86_64 | 0.1.2 | 26.00 | NOTE | |||
r-oldrel-windows-x86_64 | 0.1.2 | 6.00 | 51.00 | 57.00 | NOTE |
Version: 0.1.2
Check: LazyData
Result: NOTE
'LazyData' is specified without a 'data' directory
Flavors: r-devel-linux-x86_64-debian-clang, r-devel-linux-x86_64-debian-gcc, r-devel-linux-x86_64-fedora-clang, r-devel-linux-x86_64-fedora-gcc, r-devel-windows-x86_64, r-patched-linux-x86_64, r-release-linux-x86_64, r-release-macos-arm64, r-release-windows-x86_64, r-oldrel-macos-arm64, r-oldrel-macos-x86_64, r-oldrel-windows-x86_64
Version: 0.1.2
Check: dependencies in R code
Result: NOTE
Namespaces in Imports field not imported from:
‘DT’ ‘dplyr’ ‘ggplot2’ ‘readxl’ ‘rlist’ ‘shinyBS’ ‘shinyWidgets’
‘shinydashboard’ ‘shinyjs’ ‘shinythemes’ ‘stringr’ ‘tidyr’
All declared Imports should be used.
Flavors: r-devel-linux-x86_64-fedora-clang, r-devel-linux-x86_64-fedora-gcc