Last updated on 2025-02-20 01:50:27 CET.
Flavor | Version | Tinstall | Tcheck | Ttotal | Status | Flags |
---|---|---|---|---|---|---|
r-devel-linux-x86_64-debian-clang | 0.2.0 | 12.00 | 80.37 | 92.37 | OK | |
r-devel-linux-x86_64-debian-gcc | 0.2.0 | 7.93 | 56.55 | 64.48 | OK | |
r-devel-linux-x86_64-fedora-clang | 0.2.0 | 143.72 | OK | |||
r-devel-linux-x86_64-fedora-gcc | 0.2.0 | 138.50 | OK | |||
r-devel-macos-arm64 | 0.2.0 | 40.00 | OK | |||
r-devel-macos-x86_64 | 0.2.0 | 80.00 | OK | |||
r-devel-windows-x86_64 | 0.2.0 | 11.00 | 86.00 | 97.00 | OK | |
r-patched-linux-x86_64 | 0.2.0 | 12.22 | 73.95 | 86.17 | OK | |
r-release-linux-x86_64 | 0.2.0 | 10.96 | 74.24 | 85.20 | OK | |
r-release-macos-arm64 | 0.2.0 | 41.00 | OK | |||
r-release-macos-x86_64 | 0.2.0 | 95.00 | OK | |||
r-release-windows-x86_64 | 0.2.0 | 12.00 | 3.00 | 15.00 | FAIL | |
r-oldrel-macos-arm64 | 0.1.0 | 49.00 | OK | |||
r-oldrel-macos-x86_64 | 0.2.0 | 91.00 | OK | |||
r-oldrel-windows-x86_64 | 0.2.0 | 17.00 | 101.00 | 118.00 | OK |
Version: 0.2.0
Check: package dependencies
Result: FAIL
Flavor: r-release-windows-x86_64