Last updated on 2025-05-07 01:49:49 CEST.
Flavor | Version | Tinstall | Tcheck | Ttotal | Status | Flags |
---|---|---|---|---|---|---|
r-devel-linux-x86_64-debian-clang | 1.99.3 | 12.08 | 102.52 | 114.60 | NOTE | |
r-devel-linux-x86_64-debian-gcc | 1.99.3 | 8.92 | 74.31 | 83.23 | NOTE | |
r-devel-linux-x86_64-fedora-clang | 1.99.3 | 174.72 | NOTE | |||
r-devel-linux-x86_64-fedora-gcc | 1.99.3 | 185.40 | NOTE | |||
r-devel-windows-x86_64 | 1.99.3 | 15.00 | 108.00 | 123.00 | NOTE | |
r-patched-linux-x86_64 | 1.99.3 | 12.28 | 96.96 | 109.24 | NOTE | |
r-release-linux-x86_64 | 1.99.3 | 11.63 | 96.43 | 108.06 | NOTE | |
r-release-macos-arm64 | 1.99.3 | 57.00 | NOTE | |||
r-release-macos-x86_64 | 1.99.3 | 131.00 | OK | |||
r-release-windows-x86_64 | 1.99.3 | 13.00 | 99.00 | 112.00 | NOTE | |
r-oldrel-macos-arm64 | 1.99.3 | 52.00 | OK | |||
r-oldrel-macos-x86_64 | 1.99.3 | 87.00 | OK | |||
r-oldrel-windows-x86_64 | 1.99.3 | 17.00 | 121.00 | 138.00 | OK |
Version: 1.99.3
Check: DESCRIPTION meta-information
Result: NOTE
Missing dependency on R >= 4.1.0 because package code uses the pipe
|> or function shorthand \(...) syntax added in R 4.1.0.
File(s) using such syntax:
‘bfsMaps-package.Rd’
Flavors: r-devel-linux-x86_64-debian-clang, r-devel-linux-x86_64-debian-gcc, r-devel-linux-x86_64-fedora-clang, r-devel-linux-x86_64-fedora-gcc, r-devel-windows-x86_64, r-patched-linux-x86_64, r-release-linux-x86_64, r-release-macos-arm64, r-release-windows-x86_64
Version: 1.99.3
Check: Rd cross-references
Result: NOTE
Found the following Rd file(s) with Rd \link{} targets missing package
anchors:
CombinePolygons.Rd: st_union
Please provide package anchors for all Rd \link{} targets not in the
package itself and the base packages.
Flavors: r-devel-linux-x86_64-debian-clang, r-devel-linux-x86_64-debian-gcc, r-devel-windows-x86_64, r-patched-linux-x86_64, r-release-linux-x86_64, r-release-windows-x86_64