Last updated on 2025-10-26 01:49:44 CEST.
| Flavor | Version | Tinstall | Tcheck | Ttotal | Status | Flags |
|---|---|---|---|---|---|---|
| r-devel-linux-x86_64-debian-clang | 0.9.5 | 3.93 | 72.20 | 76.13 | NOTE | |
| r-devel-linux-x86_64-debian-gcc | 0.9.5 | 2.85 | 50.78 | 53.63 | NOTE | |
| r-devel-linux-x86_64-fedora-clang | 0.9.5 | 17.00 | 107.50 | 124.50 | OK | |
| r-devel-linux-x86_64-fedora-gcc | 0.9.5 | 127.22 | OK | |||
| r-devel-windows-x86_64 | 0.9.5 | 7.00 | 87.00 | 94.00 | OK | |
| r-patched-linux-x86_64 | 0.9.5 | 3.61 | 67.61 | 71.22 | OK | |
| r-release-linux-x86_64 | 0.9.5 | 3.25 | 68.24 | 71.49 | OK | |
| r-release-macos-arm64 | 0.9.5 | 4.00 | 119.00 | 123.00 | OK | |
| r-release-macos-x86_64 | 0.9.5 | 4.00 | 101.00 | 105.00 | OK | |
| r-release-windows-x86_64 | 0.9.5 | 6.00 | 89.00 | 95.00 | OK | |
| r-oldrel-macos-arm64 | 0.9.5 | 2.00 | 36.00 | 38.00 | OK | |
| r-oldrel-macos-x86_64 | 0.9.5 | 3.00 | 69.00 | 72.00 | OK | |
| r-oldrel-windows-x86_64 | 0.9.5 | 7.00 | 107.00 | 114.00 | OK |
Version: 0.9.5
Check: CRAN incoming feasibility
Result: NOTE
Maintainer: ‘Stephan Wojciekowski <stephan.wojciekowski@boehringer-ingelheim.com>’
Package CITATION file contains call(s) to old-style citEntry(). Please
use bibentry() instead.
Flavors: r-devel-linux-x86_64-debian-clang, r-devel-linux-x86_64-debian-gcc