Last updated on 2025-02-20 01:50:27 CET.
Flavor | Version | Tinstall | Tcheck | Ttotal | Status | Flags |
---|---|---|---|---|---|---|
r-devel-linux-x86_64-debian-clang | 0.3.0 | 11.03 | 73.00 | 84.03 | OK | |
r-devel-linux-x86_64-debian-gcc | 0.3.0 | 8.47 | 53.61 | 62.08 | OK | |
r-devel-linux-x86_64-fedora-clang | 0.3.0 | 136.85 | OK | |||
r-devel-linux-x86_64-fedora-gcc | 0.3.0 | 137.47 | OK | |||
r-devel-macos-arm64 | 0.3.0 | 35.00 | OK | |||
r-devel-macos-x86_64 | 0.3.0 | 75.00 | OK | |||
r-devel-windows-x86_64 | 0.3.0 | 12.00 | 87.00 | 99.00 | OK | |
r-patched-linux-x86_64 | 0.3.0 | 9.77 | 71.17 | 80.94 | OK | |
r-release-linux-x86_64 | 0.3.0 | 10.55 | 71.24 | 81.79 | OK | |
r-release-macos-arm64 | 0.3.0 | 39.00 | OK | |||
r-release-macos-x86_64 | 0.3.0 | 94.00 | OK | |||
r-release-windows-x86_64 | 0.3.0 | 13.00 | 3.00 | 16.00 | FAIL | |
r-oldrel-macos-arm64 | 0.3.0 | 58.00 | OK | |||
r-oldrel-macos-x86_64 | 0.3.0 | 95.00 | OK | |||
r-oldrel-windows-x86_64 | 0.3.0 | 15.00 | 88.00 | 103.00 | OK |
Version: 0.3.0
Check: package dependencies
Result: FAIL
Flavor: r-release-windows-x86_64