Last updated on 2025-05-01 01:49:25 CEST.
Flavor | Version | Tinstall | Tcheck | Ttotal | Status | Flags |
---|---|---|---|---|---|---|
r-devel-linux-x86_64-debian-clang | 1.6.1 | 148.48 | 210.99 | 359.47 | NOTE | |
r-devel-linux-x86_64-debian-gcc | 1.6.1 | 103.46 | 145.20 | 248.66 | OK | |
r-devel-linux-x86_64-fedora-clang | 1.6.1 | 604.66 | OK | |||
r-devel-linux-x86_64-fedora-gcc | 1.6.1 | 576.36 | OK | |||
r-devel-windows-x86_64 | 1.6.1 | 222.00 | 255.00 | 477.00 | OK | |
r-patched-linux-x86_64 | 1.6.1 | 148.33 | 200.91 | 349.24 | OK | |
r-release-linux-x86_64 | 1.6.1 | 143.21 | 203.55 | 346.76 | OK | |
r-release-macos-arm64 | 1.6.1 | 170.00 | OK | |||
r-release-macos-x86_64 | 1.6.1 | 299.00 | OK | |||
r-release-windows-x86_64 | 1.6.1 | 221.00 | 260.00 | 481.00 | OK | |
r-oldrel-macos-arm64 | 1.6.1 | 149.00 | NOTE | |||
r-oldrel-macos-x86_64 | 1.6.1 | 267.00 | NOTE | |||
r-oldrel-windows-x86_64 | 1.6.1 | 238.00 | 329.00 | 567.00 | OK |
Version: 1.6.1
Check: examples
Result: NOTE
Examples with CPU (user + system) or elapsed time > 5s
user system elapsed
plot.big_SVD 5.592 0.716 9.384
big_randomSVD 4.806 0.375 7.104
as_scaling_fun 4.803 0.024 7.050
asPlotlyText 3.130 0.871 5.818
big_SVD 2.750 0.776 5.173
predict.big_SVD 2.751 0.692 5.014
Flavor: r-devel-linux-x86_64-debian-clang
Version: 1.6.1
Check: examples
Result: NA
user system elapsed
as_scaling_fun 5.197 0.085 5.382
big_randomSVD 4.187 0.088 5.484
OK
Flavor: r-devel-linux-x86_64-debian-gcc
Version: 1.6.1
Check: installed package size
Result: NOTE
installed size is 13.6Mb
sub-directories of 1Mb or more:
extdata 2.3Mb
libs 10.5Mb
Flavors: r-oldrel-macos-arm64, r-oldrel-macos-x86_64