Last updated on 2025-05-02 02:50:49 CEST.
Flavor | Version | Tinstall | Tcheck | Ttotal | Status | Flags |
---|---|---|---|---|---|---|
r-devel-linux-x86_64-debian-clang | 1.2.1 | 1.92 | 23.91 | 25.83 | NOTE | |
r-devel-linux-x86_64-debian-gcc | 1.2.1 | 1.51 | 19.52 | 21.03 | NOTE | |
r-devel-linux-x86_64-fedora-clang | 1.2.1 | 43.99 | OK | |||
r-devel-linux-x86_64-fedora-gcc | 1.2.1 | 53.43 | OK | |||
r-devel-windows-x86_64 | 1.2.1 | 3.00 | 50.00 | 53.00 | OK | |
r-patched-linux-x86_64 | 1.2.1 | 1.95 | 22.42 | 24.37 | OK | |
r-release-linux-x86_64 | OK | |||||
r-release-macos-arm64 | 1.2.1 | 42.00 | OK | |||
r-release-macos-x86_64 | 1.2.1 | 78.00 | OK | |||
r-release-windows-x86_64 | 1.2.1 | 2.00 | 51.00 | 53.00 | OK | |
r-oldrel-macos-arm64 | 1.2.1 | 36.00 | OK | |||
r-oldrel-macos-x86_64 | 1.2.1 | 42.00 | OK | |||
r-oldrel-windows-x86_64 | 1.2.1 | 3.00 | 52.00 | 55.00 | OK |
Version: 1.2.1
Check: CRAN incoming feasibility
Result: NOTE
Maintainer: ‘Marcelo Ponce <m.ponce@utoronto.ca>’
No Authors@R field in DESCRIPTION.
Please add one, modifying
Authors@R: person(given = "Marcelo",
family = "Ponce",
role = c("aut", "cre"),
email = "m.ponce@utoronto.ca")
as necessary.
Flavors: r-devel-linux-x86_64-debian-clang, r-devel-linux-x86_64-debian-gcc