Last updated on 2025-11-19 01:48:41 CET.
| Flavor | Version | Tinstall | Tcheck | Ttotal | Status | Flags |
|---|---|---|---|---|---|---|
| r-devel-linux-x86_64-debian-clang | 0.4.0 | 28.75 | 231.81 | 260.56 | NOTE | |
| r-devel-linux-x86_64-debian-gcc | 0.4.0 | 18.73 | 143.34 | 162.07 | NOTE | |
| r-devel-linux-x86_64-fedora-clang | 0.4.0 | 67.00 | 362.01 | 429.01 | OK | |
| r-devel-linux-x86_64-fedora-gcc | 0.4.0 | 61.00 | 336.69 | 397.69 | OK | |
| r-devel-windows-x86_64 | 0.4.0 | 31.00 | 174.00 | 205.00 | OK | |
| r-patched-linux-x86_64 | 0.4.0 | 24.53 | 221.89 | 246.42 | OK | |
| r-release-linux-x86_64 | 0.4.0 | 26.09 | 222.35 | 248.44 | OK | |
| r-release-macos-arm64 | 0.4.0 | 12.00 | 79.00 | 91.00 | OK | |
| r-release-macos-x86_64 | 0.4.0 | 21.00 | 152.00 | 173.00 | OK | |
| r-release-windows-x86_64 | 0.4.0 | 26.00 | 172.00 | 198.00 | OK | |
| r-oldrel-macos-arm64 | 0.4.0 | 10.00 | 68.00 | 78.00 | OK | |
| r-oldrel-macos-x86_64 | 0.4.0 | 23.00 | 118.00 | 141.00 | OK | |
| r-oldrel-windows-x86_64 | 0.4.0 | 37.00 | 247.00 | 284.00 | OK |
Version: 0.4.0
Check: CRAN incoming feasibility
Result: NOTE
Maintainer: ‘Roberto Serrano-Notivoli <roberto.serrano@unizar.es>’
No Authors@R field in DESCRIPTION.
Please add one, modifying
Authors@R: person(given = "Roberto",
family = "Serrano-Notivoli",
role = c("aut", "cre"),
email = "roberto.serrano@unizar.es")
as necessary.
Flavors: r-devel-linux-x86_64-debian-clang, r-devel-linux-x86_64-debian-gcc