Last updated on 2025-02-19 01:50:43 CET.
Flavor | Version | Tinstall | Tcheck | Ttotal | Status | Flags |
---|---|---|---|---|---|---|
r-devel-linux-x86_64-debian-clang | 0.1.8 | 4.80 | 42.66 | 47.46 | OK | |
r-devel-linux-x86_64-debian-gcc | 0.1.8 | 3.40 | 31.40 | 34.80 | OK | |
r-devel-linux-x86_64-fedora-clang | 0.1.8 | 73.16 | OK | |||
r-devel-linux-x86_64-fedora-gcc | 0.1.8 | 68.83 | OK | |||
r-devel-macos-arm64 | 0.1.8 | 31.00 | OK | |||
r-devel-macos-x86_64 | 0.1.8 | 47.00 | OK | |||
r-devel-windows-x86_64 | 0.1.8 | 6.00 | 65.00 | 71.00 | OK | |
r-patched-linux-x86_64 | 0.1.8 | 4.83 | 40.17 | 45.00 | OK | |
r-release-linux-x86_64 | 0.1.8 | 4.70 | 38.90 | 43.60 | OK | |
r-release-macos-arm64 | 0.1.8 | 27.00 | OK | |||
r-release-macos-x86_64 | 0.1.8 | 43.00 | OK | |||
r-release-windows-x86_64 | 0.1.8 | 5.00 | 3.00 | 8.00 | FAIL | |
r-oldrel-macos-arm64 | 0.1.8 | 30.00 | OK | |||
r-oldrel-macos-x86_64 | 0.1.8 | 58.00 | OK | |||
r-oldrel-windows-x86_64 | 0.1.8 | 7.00 | 91.00 | 98.00 | OK |
Version: 0.1.8
Check: package dependencies
Result: FAIL
Flavor: r-release-windows-x86_64