CRAN Package Check Results for Package bioregion

Last updated on 2025-05-01 01:49:25 CEST.

Flavor Version Tinstall Tcheck Ttotal Status Flags
r-devel-linux-x86_64-debian-clang 1.2.0 34.44 190.10 224.54 NOTE
r-devel-linux-x86_64-debian-gcc 1.2.0 23.63 134.13 157.76 OK
r-devel-linux-x86_64-fedora-clang 1.2.0 362.61 OK
r-devel-linux-x86_64-fedora-gcc 1.2.0 384.67 OK
r-devel-windows-x86_64 1.2.0 37.00 210.00 247.00 OK
r-patched-linux-x86_64 1.2.0 34.31 182.76 217.07 OK
r-release-linux-x86_64 1.2.0 33.57 183.78 217.35 OK
r-release-macos-arm64 1.2.0 86.00 OK
r-release-macos-x86_64 1.2.0 163.00 OK
r-release-windows-x86_64 1.2.0 38.00 215.00 253.00 OK
r-oldrel-macos-arm64 1.2.0 91.00 NOTE
r-oldrel-macos-x86_64 1.2.0 183.00 NOTE
r-oldrel-windows-x86_64 1.2.0 47.00 268.00 315.00 NOTE

Check Details

Version: 1.2.0
Check: examples
Result: NOTE Examples with CPU (user + system) or elapsed time > 5s user system elapsed hclu_hierarclust 8.192 0.082 11.233 Flavor: r-devel-linux-x86_64-debian-clang

Version: 1.2.0
Check: examples
Result: NA user system elapsed hclu_hierarclust 4.397 0.095 5.056 OK Flavor: r-devel-linux-x86_64-debian-gcc

Version: 1.2.0
Check: installed package size
Result: NOTE installed size is 6.0Mb sub-directories of 1Mb or more: data 1.7Mb help 2.4Mb Flavors: r-oldrel-macos-arm64, r-oldrel-macos-x86_64, r-oldrel-windows-x86_64