Last updated on 2024-05-21 02:01:56 CEST.
Flavor | Version | Tinstall | Tcheck | Ttotal | Status | Flags |
---|---|---|---|---|---|---|
r-devel-linux-x86_64-debian-clang | 1.0.2 | 150.10 | 45.60 | 195.70 | NOTE | |
r-devel-linux-x86_64-debian-gcc | 1.0.2 | 112.06 | 36.50 | 148.56 | NOTE | |
r-devel-linux-x86_64-fedora-clang | 1.0.2 | 306.88 | NOTE | |||
r-devel-linux-x86_64-fedora-gcc | 1.0.2 | 295.51 | NOTE | |||
r-devel-windows-x86_64 | 1.0.2 | 115.00 | 75.00 | 190.00 | NOTE | |
r-patched-linux-x86_64 | 1.0.2 | 144.18 | 47.25 | 191.43 | NOTE | |
r-release-linux-x86_64 | 1.0.2 | 140.94 | 45.14 | 186.08 | NOTE | |
r-release-macos-arm64 | 1.0.2 | 52.00 | NOTE | |||
r-release-windows-x86_64 | 1.0.2 | 108.00 | 78.00 | 186.00 | NOTE | |
r-oldrel-macos-arm64 | 1.0.2 | 73.00 | NOTE | |||
r-oldrel-macos-x86_64 | 1.0.2 | 106.00 | NOTE | |||
r-oldrel-windows-x86_64 | 1.0.2 | 137.00 | 87.00 | 224.00 | NOTE |
Version: 1.0.2
Check: C++ specification
Result: NOTE
Specified C++11: please drop specification unless essential
Flavors: r-devel-linux-x86_64-debian-clang, r-devel-linux-x86_64-debian-gcc, r-devel-linux-x86_64-fedora-clang, r-devel-linux-x86_64-fedora-gcc, r-devel-windows-x86_64, r-patched-linux-x86_64, r-release-linux-x86_64, r-release-macos-arm64, r-release-windows-x86_64, r-oldrel-macos-arm64, r-oldrel-macos-x86_64, r-oldrel-windows-x86_64
Version: 1.0.2
Check: installed package size
Result: NOTE
installed size is 7.7Mb
sub-directories of 1Mb or more:
libs 7.5Mb
Flavors: r-release-macos-arm64, r-oldrel-macos-arm64, r-oldrel-macos-x86_64