Last updated on 2025-05-09 01:49:59 CEST.
Flavor | Version | Tinstall | Tcheck | Ttotal | Status | Flags |
---|---|---|---|---|---|---|
r-devel-linux-x86_64-debian-clang | 1.3.3 | 24.75 | 148.22 | 172.97 | NOTE | |
r-devel-linux-x86_64-debian-gcc | 1.3.3 | 22.95 | 101.46 | 124.41 | NOTE | |
r-devel-linux-x86_64-fedora-clang | 1.3.3 | 295.20 | OK | |||
r-devel-linux-x86_64-fedora-gcc | 1.3.3 | 278.44 | OK | |||
r-devel-windows-x86_64 | 1.3.3 | 32.00 | 160.00 | 192.00 | NOTE | |
r-patched-linux-x86_64 | 1.3.3 | 34.59 | 141.09 | 175.68 | NOTE | |
r-release-linux-x86_64 | 1.3.3 | 26.34 | 141.93 | 168.27 | NOTE | |
r-release-macos-arm64 | 1.3.3 | 78.00 | OK | |||
r-release-macos-x86_64 | 1.3.3 | 187.00 | OK | |||
r-release-windows-x86_64 | 1.3.3 | 31.00 | 159.00 | 190.00 | NOTE | |
r-oldrel-macos-arm64 | 1.3.3 | 78.00 | OK | |||
r-oldrel-macos-x86_64 | 1.3.3 | 162.00 | OK | |||
r-oldrel-windows-x86_64 | 1.3.3 | 46.00 | 205.00 | 251.00 | OK |
Version: 1.3.3
Check: Rd cross-references
Result: NOTE
Found the following Rd file(s) with Rd \link{} targets missing package
anchors:
bizicount.Rd: DHARMa
zic.reg.Rd: DHARMa
Please provide package anchors for all Rd \link{} targets not in the
package itself and the base packages.
Flavors: r-devel-linux-x86_64-debian-clang, r-devel-linux-x86_64-debian-gcc, r-devel-windows-x86_64, r-patched-linux-x86_64, r-release-linux-x86_64, r-release-windows-x86_64