CRAN Package Check Results for Package blendR

Last updated on 2025-11-16 01:49:09 CET.

Flavor Version Tinstall Tcheck Ttotal Status Flags
r-devel-linux-x86_64-debian-clang 1.0.0 14.02 147.09 161.11 OK
r-devel-linux-x86_64-debian-gcc 1.0.0 10.32 102.34 112.66 NOTE
r-devel-linux-x86_64-fedora-clang 1.0.0 80.00 198.52 278.52 OK
r-devel-linux-x86_64-fedora-gcc 1.0.0 109.00 158.68 267.68 OK
r-devel-windows-x86_64 1.0.0 17.00 136.00 153.00 OK
r-patched-linux-x86_64 1.0.0 15.25 137.29 152.54 OK
r-release-linux-x86_64 1.0.0 15.17 136.86 152.03 OK
r-release-macos-arm64 1.0.0 6.00 55.00 61.00 OK
r-release-macos-x86_64 1.0.0 14.00 134.00 148.00 OK
r-release-windows-x86_64 1.0.0 16.00 134.00 150.00 OK
r-oldrel-macos-arm64 1.0.0 6.00 53.00 59.00 NOTE
r-oldrel-macos-x86_64 1.0.0 14.00 143.00 157.00 NOTE
r-oldrel-windows-x86_64 1.0.0 23.00 179.00 202.00 NOTE

Check Details

Version: 1.0.0
Check: CRAN incoming feasibility
Result: NOTE Maintainer: ‘Zhaojing Che <blendr-pkg@proton.me>’ The BugReports field in DESCRIPTION has https://github.com/StatisticsHealthEconomics/blendR/issues/ which should likely be https://github.com/StatisticsHealthEconomics/blendR/issues/issues instead. Flavor: r-devel-linux-x86_64-debian-gcc

Version: 1.0.0
Check: package dependencies
Result: NOTE Packages suggested but not available for checking: 'INLA', 'survHEhmc' Flavors: r-oldrel-macos-arm64, r-oldrel-macos-x86_64

Version: 1.0.0
Check: package dependencies
Result: NOTE Package suggested but not available for checking: 'survHEhmc' Flavor: r-oldrel-windows-x86_64