Last updated on 2025-02-20 01:50:28 CET.
Flavor | Version | Tinstall | Tcheck | Ttotal | Status | Flags |
---|---|---|---|---|---|---|
r-devel-linux-x86_64-debian-clang | 1.1.5 | 18.48 | 99.83 | 118.31 | OK | |
r-devel-linux-x86_64-debian-gcc | 1.1.5 | 12.13 | 65.93 | 78.06 | OK | |
r-devel-linux-x86_64-fedora-clang | 1.1.5 | 185.12 | OK | |||
r-devel-linux-x86_64-fedora-gcc | 1.1.5 | 182.11 | OK | |||
r-devel-macos-arm64 | 1.1.5 | 50.00 | OK | |||
r-devel-macos-x86_64 | 1.1.5 | 135.00 | OK | |||
r-devel-windows-x86_64 | 1.1.5 | 24.00 | 113.00 | 137.00 | OK | |
r-patched-linux-x86_64 | 1.1.5 | 19.02 | 92.71 | 111.73 | OK | |
r-release-linux-x86_64 | 1.1.5 | 17.02 | 93.11 | 110.13 | OK | |
r-release-macos-arm64 | 1.1.5 | 51.00 | OK | |||
r-release-macos-x86_64 | 1.1.5 | 106.00 | OK | |||
r-release-windows-x86_64 | 1.1.5 | 23.00 | 3.00 | 26.00 | FAIL | |
r-oldrel-macos-arm64 | 1.1.5 | 54.00 | OK | |||
r-oldrel-macos-x86_64 | 1.1.5 | 115.00 | OK | |||
r-oldrel-windows-x86_64 | 1.1.5 | 32.00 | 154.00 | 186.00 | OK |
Version: 1.1.5
Check: package dependencies
Result: FAIL
Flavor: r-release-windows-x86_64