Last updated on 2025-10-21 01:48:26 CEST.
Flavor | Version | Tinstall | Tcheck | Ttotal | Status | Flags |
---|---|---|---|---|---|---|
r-devel-linux-x86_64-debian-clang | 0.1.1 | 7.53 | 102.65 | 110.18 | NOTE | |
r-devel-linux-x86_64-debian-gcc | 0.1.1 | 4.91 | 73.14 | 78.05 | NOTE | |
r-devel-linux-x86_64-fedora-clang | 0.1.1 | 173.50 | NOTE | |||
r-devel-linux-x86_64-fedora-gcc | 0.1.1 | 163.10 | NOTE | |||
r-devel-windows-x86_64 | 0.1.1 | 9.00 | 104.00 | 113.00 | NOTE | |
r-patched-linux-x86_64 | 0.1.1 | 6.12 | 91.76 | 97.88 | NOTE | |
r-release-linux-x86_64 | 0.1.1 | 6.33 | 95.02 | 101.35 | NOTE | |
r-release-macos-arm64 | 0.1.1 | 54.00 | NOTE | |||
r-release-macos-x86_64 | 0.1.1 | 84.00 | NOTE | |||
r-release-windows-x86_64 | 0.1.1 | 9.00 | 109.00 | 118.00 | NOTE | |
r-oldrel-macos-arm64 | 0.1.1 | 50.00 | NOTE | |||
r-oldrel-macos-x86_64 | 0.1.1 | 69.00 | NOTE | |||
r-oldrel-windows-x86_64 | 0.1.1 | 12.00 | 146.00 | 158.00 | NOTE |
Version: 0.1.1
Check: Rd files
Result: NOTE
checkRd: (-1) estimate_density.Rd:25: Lost braces; missing escapes or markup?
25 | evenly spaced points between \code{min} and {max}.
| ^
Flavors: r-devel-linux-x86_64-debian-clang, r-devel-linux-x86_64-debian-gcc, r-devel-linux-x86_64-fedora-clang, r-devel-linux-x86_64-fedora-gcc, r-devel-windows-x86_64, r-patched-linux-x86_64, r-release-linux-x86_64, r-release-macos-arm64, r-release-macos-x86_64, r-release-windows-x86_64, r-oldrel-macos-arm64, r-oldrel-macos-x86_64, r-oldrel-windows-x86_64
Version: 0.1.1
Check: HTML version of manual
Result: NOTE
Found the following HTML validation problems:
check_vbdf.html:50:1 (check_vbdf.Rd:12): Warning: missing </ul> before </div>
estimate_density.html:68:1 (estimate_density.Rd:20): Warning: missing </ul> before </div>
new_vbdf.html:54:1 (new_vbdf.Rd:14): Warning: missing </ul> before </div>
Flavor: r-devel-linux-x86_64-debian-gcc