CRAN Package Check Results for Package blsR

Last updated on 2025-02-20 01:50:28 CET.

Flavor Version Tinstall Tcheck Ttotal Status Flags
r-devel-linux-x86_64-debian-clang 0.5.0 2.71 30.58 33.29 OK
r-devel-linux-x86_64-debian-gcc 0.5.0 1.91 24.39 26.30 OK
r-devel-linux-x86_64-fedora-clang 0.5.0 53.59 OK
r-devel-linux-x86_64-fedora-gcc 0.5.0 51.50 OK
r-devel-macos-arm64 0.5.0 22.00 OK
r-devel-macos-x86_64 0.5.0 35.00 OK
r-devel-windows-x86_64 0.5.0 6.00 66.00 72.00 OK
r-patched-linux-x86_64 0.5.0 4.08 29.45 33.53 OK
r-release-linux-x86_64 0.5.0 2.42 29.28 31.70 OK
r-release-macos-arm64 0.5.0 22.00 OK
r-release-macos-x86_64 0.5.0 29.00 OK
r-release-windows-x86_64 0.5.0 5.00 3.00 8.00 FAIL
r-oldrel-macos-arm64 0.5.0 20.00 OK
r-oldrel-macos-x86_64 0.5.0 43.00 OK
r-oldrel-windows-x86_64 0.5.0 6.00 62.00 68.00 OK

Check Details

Version: 0.5.0
Check: package dependencies
Result: FAIL
Flavor: r-release-windows-x86_64