Last updated on 2025-05-07 01:49:50 CEST.
Flavor | Version | Tinstall | Tcheck | Ttotal | Status | Flags |
---|---|---|---|---|---|---|
r-devel-linux-x86_64-debian-clang | 0.1.6 | 3.86 | 37.65 | 41.51 | NOTE | |
r-devel-linux-x86_64-debian-gcc | 0.1.6 | 2.82 | 29.81 | 32.63 | NOTE | |
r-devel-linux-x86_64-fedora-clang | 0.1.6 | 66.14 | NOTE | |||
r-devel-linux-x86_64-fedora-gcc | 0.1.6 | 62.77 | NOTE | |||
r-devel-windows-x86_64 | 0.1.6 | 6.00 | 61.00 | 67.00 | NOTE | |
r-patched-linux-x86_64 | 0.1.6 | 3.90 | 36.26 | 40.16 | NOTE | |
r-release-linux-x86_64 | 0.1.6 | 3.73 | 36.12 | 39.85 | NOTE | |
r-release-macos-arm64 | 0.1.6 | 26.00 | NOTE | |||
r-release-macos-x86_64 | 0.1.6 | 46.00 | NOTE | |||
r-release-windows-x86_64 | 0.1.6 | 6.00 | 58.00 | 64.00 | NOTE | |
r-oldrel-macos-arm64 | 0.1.6 | 26.00 | NOTE | |||
r-oldrel-macos-x86_64 | 0.1.6 | 57.00 | NOTE | |||
r-oldrel-windows-x86_64 | 0.1.6 | 8.00 | 68.00 | 76.00 | NOTE |
Version: 0.1.6
Check: Rd files
Result: NOTE
checkRd: (-1) strength.viewer.Rd:148: Lost braces in \itemize; meant \describe ?
checkRd: (-1) strength.viewer.Rd:149: Lost braces in \itemize; meant \describe ?
checkRd: (-1) strength.viewer.Rd:150: Lost braces in \itemize; meant \describe ?
checkRd: (-1) strength.viewer.Rd:151: Lost braces in \itemize; meant \describe ?
checkRd: (-1) strength.viewer.Rd:152: Lost braces in \itemize; meant \describe ?
Flavors: r-devel-linux-x86_64-debian-clang, r-devel-linux-x86_64-debian-gcc, r-devel-linux-x86_64-fedora-clang, r-devel-linux-x86_64-fedora-gcc, r-devel-windows-x86_64, r-patched-linux-x86_64, r-release-linux-x86_64, r-release-macos-arm64, r-release-macos-x86_64, r-release-windows-x86_64, r-oldrel-macos-arm64, r-oldrel-macos-x86_64, r-oldrel-windows-x86_64
Version: 0.1.6
Check: dependencies in R code
Result: NOTE
Namespaces in Imports field not imported from:
‘caret’ ‘e1071’
All declared Imports should be used.
Flavors: r-devel-linux-x86_64-fedora-clang, r-devel-linux-x86_64-fedora-gcc
Version: 0.1.6
Check: LazyData
Result: NOTE
'LazyData' is specified without a 'data' directory
Flavors: r-oldrel-macos-arm64, r-oldrel-macos-x86_64, r-oldrel-windows-x86_64